{"id":874,"date":"2025-03-01T14:11:56","date_gmt":"2025-03-01T14:11:56","guid":{"rendered":"https:\/\/creervotrebusiness.com\/?page_id=874"},"modified":"2025-03-01T15:13:49","modified_gmt":"2025-03-01T15:13:49","slug":"le-reve-detre-ton-propre-patron-ce-quil-faut-vraiment-pour-y-arriver","status":"publish","type":"page","link":"https:\/\/creervotrebusiness.com\/index.php\/le-reve-detre-ton-propre-patron-ce-quil-faut-vraiment-pour-y-arriver\/","title":{"rendered":"Le r\u00eave d\u2019\u00eatre ton propre patron : Ce qu\u2019il faut vraiment pour y arriver"},"content":{"rendered":"\n<p>T\u2019arr\u00eates-tu parfois, la t\u00eate pleine de r\u00eaves et d\u2019ambitions, \u00e0 imaginer une vie o\u00f9 tu serais ton propre patron ? Une vie sans r\u00e9veils \u00e0 6h du matin, sans patron qui te survole comme un vautour pr\u00eat \u00e0 te d\u00e9vorer. Tu te dis : \u00ab\u00a0Si je pouvais \u00eatre libre, cr\u00e9er mes propres r\u00e8gles, avoir ce genre de vie, je serais enfin \u00e9panoui.\u00a0\u00bb Et tu crois qu\u2019il suffit juste de tout plaquer pour que \u00e7a marche. D\u00e9missionner, lancer un projet, et que tout roule tout seul, comme par magie. T\u2019as tort. Et \u00e7a, il faut que tu l\u2019entendes.<\/p>\n\n\n\n<p>Le chemin vers ton ind\u00e9pendance, c\u2019est pas une autoroute d\u00e9gag\u00e9e o\u00f9 tu seras serein et d\u00e9tendu \u00e0 chaque virage. Non. C\u2019est un sentier boueux, glissant, bord\u00e9 de doutes, de sacrifices et de prises de risques. Parce qu&rsquo;\u00eatre ton propre patron, c\u2019est plus que juste un joli titre sur ta carte de visite ou une jolie id\u00e9e dans ta t\u00eate. C\u2019est un \u00e9tat d\u2019esprit, un engagement total. C\u2019est la promesse de ne jamais abdiquer, de travailler plus dur que tu n\u2019as jamais travaill\u00e9 de ta vie, pour un r\u00e9sultat qui n\u2019arrivera pas demain, mais dans des mois, voire des ann\u00e9es.<\/p>\n\n\n\n<p><strong>La r\u00e9alit\u00e9 derri\u00e8re la libert\u00e9 : Travailler plus dur, pas moins<\/strong><\/p>\n\n\n\n<p>Tu crois que tu vas juste pouvoir siroter des cocktails \u00e0 la plage, avec un laptop sur les genoux, pendant que ton entreprise se g\u00e8re toute seule. Laisse-moi te dire un truc : la vraie libert\u00e9, c\u2019est d\u2019\u00eatre pr\u00eat \u00e0 bosser 80 heures par semaine, parfois sans vraiment voir o\u00f9 \u00e7a te m\u00e8ne. C\u2019est la dure r\u00e9alit\u00e9. Et pourtant, elle peut \u00eatre magnifique, une fois que tu l\u2019acceptes.<\/p>\n\n\n\n<p>Imagine-toi, un matin comme un autre, t\u2019installant dans ton bureau (qui peut \u00eatre un caf\u00e9, un espace de coworking, ou m\u00eame ton salon). La diff\u00e9rence, c\u2019est que tu n\u2019as plus \u00e0 rendre de comptes \u00e0 personne, sauf \u00e0 toi-m\u00eame. Tu te l\u00e8ves le matin avec la conviction que ta journ\u00e9e va compter. La motivation n\u2019est pas un luxe ici, c\u2019est une n\u00e9cessit\u00e9. Si tu veux voir des r\u00e9sultats, il va falloir te battre pour chaque petit succ\u00e8s. Personne ne va t\u2019applaudir pour un travail que tu n\u2019as pas fait. Si tu veux \u00eatre ton propre patron, c\u2019est ta responsabilit\u00e9 de toujours avancer.<\/p>\n\n\n\n<p><strong>Passer de r\u00eaveur \u00e0 faiseur : l\u2019action qui change tout<\/strong><\/p>\n\n\n\n<p>Il faut arr\u00eater de r\u00eaver tout le temps et commencer \u00e0 agir. Parce que tu peux vouloir \u00eatre ton propre patron, mais si tu n\u2019oses pas faire le premier pas, si tu laisses la peur ou la procrastination te gouverner, tu ne seras qu\u2019un autre r\u00eaveur, et rien de plus. Chaque jour, tu dois choisir d\u2019agir. M\u00eame si c\u2019est juste une petite t\u00e2che. M\u00eame si la journ\u00e9e semble minuscule en comparaison de la grandeur de ton r\u00eave. Commence, et chaque petit pas te propulsera plus pr\u00e8s de ton objectif. Les grands entrepreneurs n\u2019ont pas d\u00e9marr\u00e9 en ayant toutes les r\u00e9ponses, ils ont simplement commenc\u00e9 \u00e0 avancer.<\/p>\n\n\n\n<p><strong>La r\u00e9alit\u00e9 de la gestion : Plus de libert\u00e9, plus de responsabilit\u00e9<\/strong><\/p>\n\n\n\n<p>Devenir ton propre patron, c\u2019est aussi accepter une responsabilit\u00e9 sans fin. Tu g\u00e8res tout, du marketing \u00e0 la comptabilit\u00e9, en passant par les relations avec les clients. Pas de patron pour te dire quoi faire. Pas de vacances pay\u00e9es. Juste toi, et ton business. Mais cette responsabilit\u00e9, une fois ma\u00eetris\u00e9e, devient un super pouvoir. Parce que tu as le contr\u00f4le total sur tes d\u00e9cisions et, surtout, sur tes \u00e9checs. Chaque erreur est une le\u00e7on. Chaque victoire, un tremplin vers quelque chose de plus grand.<\/p>\n\n\n\n<p><strong>Le b\u00e9n\u00e9fice imm\u00e9diat : La satisfaction de cr\u00e9er ta propre voie<\/strong><\/p>\n\n\n\n<p>Et puis il y a ce moment, ce pr\u00e9cieux instant o\u00f9 tu r\u00e9alises que tu as construit quelque chose de solide, de vrai. Ce n\u2019est pas juste un emploi. C\u2019est une vie. Pas celle qu\u2019on t\u2019a dite de vivre, pas celle que la soci\u00e9t\u00e9 veut que tu vives. C\u2019est TA vie. C\u2019est le pouvoir de cr\u00e9er quelque chose \u00e0 partir de z\u00e9ro, de le voir grandir, et de te dire : \u00ab J\u2019ai fait \u00e7a. \u00bb Il n\u2019y a rien de plus gratifiant que de pouvoir lever les yeux et regarder ton empire, m\u00eame s\u2019il n\u2019est encore qu\u2019une petite flamme. Tu vois cette petite flamme grandir chaque jour gr\u00e2ce \u00e0 ton travail acharn\u00e9 et ta passion. C\u2019est magique. Et tu ne le verrais jamais de la m\u00eame mani\u00e8re si tu restais l\u00e0, \u00e0 regarder d\u2019autres cr\u00e9er leur propre r\u00eave pendant que tu attends que le tien tombe tout cuit dans ton assiette.<\/p>\n\n\n\n<p><strong>Le r\u00eave devient r\u00e9alit\u00e9, mais seulement si tu agis maintenant<\/strong><\/p>\n\n\n\n<p>Tu veux vraiment \u00eatre ton propre patron ? Alors n\u2019attends plus. Commence aujourd&rsquo;hui. Le chemin est difficile, mais la r\u00e9compense est bien plus grande que tu ne l\u2019imagines. Fais ce qu\u2019il faut pour cr\u00e9er la vie que tu veux. Parce qu\u2019au final, \u00eatre ton propre patron, c\u2019est plus qu\u2019un r\u00eave, c\u2019est un d\u00e9fi \u00e0 relever. Et le seul moment o\u00f9 tu \u00e9choues, c\u2019est lorsque tu arr\u00eates d\u2019essayer.<\/p>\n\n\n\n<p class=\"has-vivid-red-color has-text-color has-link-color wp-elements-69fb41e67b7b14894a1b58b61b826687\"><strong>Merci d\u2019avoir lu cet article. Si tu penses que \u00e7a peut aider quelqu\u2019un d&rsquo;autre \u00e0 prendre la d\u00e9cision de changer, partage-le. Parce que, \u00e0 la fin de la journ\u00e9e, on est tous responsables de notre propre destin.<\/strong><\/p>\n\n\n\n<p>Guido SAVERIO<\/p>\n\n\n\n<ul class=\"wp-block-list\">\n<li><strong><em><a href=\"https:\/\/creervotrebusiness.com\/index.php\/lance-ton-business-sans-tordre-le-poignet-le-secret-que-les-gourous-de-la-reussite-ne-veulent-pas-que-tu-saches\/\">Lance ton business sans tordre le poignet \u2013 Le secret que les gourous de la r\u00e9ussite ne veulent pas que tu saches<\/a><\/em><\/strong><\/li>\n\n\n\n<li><strong><em><a href=\"https:\/\/creervotrebusiness.com\/index.php\/arrete-de-rever-petit-comment-creer-un-empire-a-partir-de-rien\/\">Arr\u00eate de r\u00eaver petit : Comment cr\u00e9er un empire \u00e0 partir de rien<\/a><\/em><\/strong><\/li>\n\n\n\n<li><strong><em><a href=\"https:\/\/creervotrebusiness.com\/index.php\/de-zero-a-heros-ce-quon-ne-ta-jamais-dit-sur-la-reussite\/\">De z\u00e9ro \u00e0 h\u00e9ros : Ce qu\u2019on ne t\u2019a jamais dit sur la r\u00e9ussite<\/a><\/em><\/strong><\/li>\n\n\n\n<li><strong><em><a href=\"https:\/\/creervotrebusiness.com\/index.php\/quitte-ton-job-9-5-et-fais-exploser-tes-revenus-le-guide-pour-les-revoltes\/\">Quitte ton job 9-5 et fais exploser tes revenus \u2013 Le guide pour les r\u00e9volt\u00e9s<\/a><\/em><\/strong><\/li>\n\n\n\n<li><strong><em><a href=\"https:\/\/creervotrebusiness.com\/index.php\/devenir-millionnaire-en-faisant-ce-que-tu-aimes-ca-commence-maintenant\/\">Devenir millionnaire en faisant ce que tu aimes : \u00c7a commence maintenant.<\/a><\/em><\/strong><\/li>\n\n\n\n<li><strong><em><a href=\"https:\/\/creervotrebusiness.com\/index.php\/revolutionne-ta-vie-en-30-jours-comment-batir-un-business-qui-te-fait-rever\/\">R\u00e9volutionne ta vie en 30 jours : Comment b\u00e2tir un business qui te fait r\u00eaver<\/a><\/em><\/strong><\/li>\n\n\n\n<li><strong><em><a href=\"https:\/\/creervotrebusiness.com\/index.php\/ton-futur-est-entre-tes-mains-lance-ton-business-comme-un-pro-en-10-etapes\/\">Ton futur est entre tes mains \u2013 Lance ton business comme un pro en 10 \u00e9tapes<\/a><\/em><\/strong><\/li>\n\n\n\n<li><strong><em><a href=\"https:\/\/creervotrebusiness.com\/index.php\/fais-le-maintenant-avant-que-quelquun-dautre-ne-prenne-ta-place\/\">Fais-le maintenant, avant que quelqu\u2019un d\u2019autre ne prenne ta place<\/a><\/em><\/strong><\/li>\n\n\n\n<li><strong><em><a href=\"https:\/\/creervotrebusiness.com\/index.php\/cesse-dattendre-lopportunite-cree-la-le-business-des-audacieux\/\">Cesse d\u2019attendre l\u2019opportunit\u00e9, cr\u00e9e-la : Le business des audacieux<\/a><\/em><\/strong><\/li>\n\n\n\n<li><strong><em><a href=\"https:\/\/creervotrebusiness.com\/index.php\/ne-laisse-pas-ta-peur-decider-de-ton-futur-comment-devenir-lentrepreneur-que-tu-es-cense-etre\/\">Ne laisse pas ta peur d\u00e9cider de ton futur \u2013 Comment devenir l\u2019entrepreneur que tu es cens\u00e9 \u00eatre<\/a><\/em><\/strong><\/li>\n\n\n\n<li><strong><em><a href=\"https:\/\/creervotrebusiness.com\/index.php\/les-millionnaires-nont-pas-plus-de-temps-que-toi-voici-ce-quils-font-differemment\/\">Les millionnaires n&rsquo;ont pas plus de temps que toi \u2013 Voici ce qu\u2019ils font diff\u00e9remment<\/a><\/em><\/strong><\/li>\n\n\n\n<li><strong><em><a href=\"https:\/\/creervotrebusiness.com\/index.php\/reve-grand-travaille-dur-et-regarde-largent-arriver-la-methode-qui-marche\/\">R\u00eave grand, travaille dur, et regarde l\u2019argent arriver \u2013 La m\u00e9thode qui marche<\/a><\/em><\/strong><\/li>\n\n\n\n<li><strong><em><a href=\"https:\/\/creervotrebusiness.com\/index.php\/pourquoi-tu-nas-toujours-pas-cree-ton-business-et-comment-changer-ca\/\">Pourquoi tu n\u2019as toujours pas cr\u00e9\u00e9 ton business (et comment changer \u00e7a)<\/a><\/em><\/strong><\/li>\n\n\n\n<li><strong><em><a href=\"https:\/\/creervotrebusiness.com\/index.php\/le-reve-detre-ton-propre-patron-ce-quil-faut-vraiment-pour-y-arriver\/\">Le r\u00eave d\u2019\u00eatre ton propre patron : Ce qu\u2019il faut vraiment pour y arriver<\/a><\/em><\/strong><\/li>\n\n\n\n<li><strong><em><a href=\"https:\/\/creervotrebusiness.com\/index.php\/quitter-le-quotidien-pour-une-vie-de-liberte-lultime-recette-pour-batir-un-business-reussi\/\">Quitter le quotidien pour une vie de libert\u00e9 : L\u2019ultime recette pour b\u00e2tir un business r\u00e9ussi<\/a><\/em><\/strong><\/li>\n<\/ul>\n","protected":false},"excerpt":{"rendered":"<p>T\u2019arr\u00eates-tu parfois, la t\u00eate pleine de r\u00eaves et d\u2019ambitions, \u00e0 imaginer une vie o\u00f9 tu serais ton propre patron ? Une vie sans r\u00e9veils \u00e0 6h du matin, sans patron qui te survole comme un vautour pr\u00eat \u00e0 te d\u00e9vorer&#8230;. <a href=\"https:\/\/creervotrebusiness.com\/index.php\/le-reve-detre-ton-propre-patron-ce-quil-faut-vraiment-pour-y-arriver\/\" class=\"readmore\">Read more<span class=\"screen-reader-text\">Le r\u00eave d\u2019\u00eatre ton propre patron : Ce qu\u2019il faut vraiment pour y arriver<\/span><span class=\"fa fa-angle-double-right\" aria-hidden=\"true\"><\/span><\/a><\/p>\n","protected":false},"author":1,"featured_media":0,"parent":0,"menu_order":0,"comment_status":"closed","ping_status":"closed","template":"","meta":{"om_disable_all_campaigns":false,"_monsterinsights_skip_tracking":false,"_monsterinsights_sitenote_active":false,"_monsterinsights_sitenote_note":"","_monsterinsights_sitenote_category":0,"footnotes":""},"class_list":["post-874","page","type-page","status-publish","hentry"],"_links":{"self":[{"href":"https:\/\/creervotrebusiness.com\/index.php\/wp-json\/wp\/v2\/pages\/874","targetHints":{"allow":["GET"]}}],"collection":[{"href":"https:\/\/creervotrebusiness.com\/index.php\/wp-json\/wp\/v2\/pages"}],"about":[{"href":"https:\/\/creervotrebusiness.com\/index.php\/wp-json\/wp\/v2\/types\/page"}],"author":[{"embeddable":true,"href":"https:\/\/creervotrebusiness.com\/index.php\/wp-json\/wp\/v2\/users\/1"}],"replies":[{"embeddable":true,"href":"https:\/\/creervotrebusiness.com\/index.php\/wp-json\/wp\/v2\/comments?post=874"}],"version-history":[{"count":2,"href":"https:\/\/creervotrebusiness.com\/index.php\/wp-json\/wp\/v2\/pages\/874\/revisions"}],"predecessor-version":[{"id":916,"href":"https:\/\/creervotrebusiness.com\/index.php\/wp-json\/wp\/v2\/pages\/874\/revisions\/916"}],"wp:attachment":[{"href":"https:\/\/creervotrebusiness.com\/index.php\/wp-json\/wp\/v2\/media?parent=874"}],"curies":[{"name":"wp","href":"https:\/\/api.w.org\/{rel}","templated":true}]}}