{"id":868,"date":"2025-03-01T14:03:39","date_gmt":"2025-03-01T14:03:39","guid":{"rendered":"https:\/\/creervotrebusiness.com\/?page_id=868"},"modified":"2025-03-01T15:12:34","modified_gmt":"2025-03-01T15:12:34","slug":"les-millionnaires-nont-pas-plus-de-temps-que-toi-voici-ce-quils-font-differemment","status":"publish","type":"page","link":"https:\/\/creervotrebusiness.com\/index.php\/les-millionnaires-nont-pas-plus-de-temps-que-toi-voici-ce-quils-font-differemment\/","title":{"rendered":"Les millionnaires n&rsquo;ont pas plus de temps que toi \u2013 Voici ce qu\u2019ils font diff\u00e9remment"},"content":{"rendered":"\n<p>C\u2019est une id\u00e9e re\u00e7ue : \u00ab\u00a0Les millionnaires ont plus de temps que nous.\u00a0\u00bb Mais est-ce vraiment vrai ? Non, et c&rsquo;est \u00e7a le truc. Ils n&rsquo;ont pas plus de temps, ils ont juste une approche diff\u00e9rente. Pourquoi eux, et pas toi ? Qu\u2019est-ce qu\u2019ils savent que tu ne sais pas encore ? La r\u00e9ponse est simple, mais bouleversante. Ils sont ma\u00eetres de leur temps, alors que toi, tu laisses ton temps t\u2019\u00e9chapper. Pourquoi ? Parce que tu laisses la procrastination, les distractions, et les mauvaises habitudes diriger ta vie. C\u2019est une v\u00e9rit\u00e9 brutale, mais c\u2019est la cl\u00e9 du changement. Alors, pr\u00e9pare-toi \u00e0 entendre la v\u00e9rit\u00e9 qui va faire mal : tout est une question de choix. Et ces choix sont pr\u00e9cis\u00e9ment ce qui s\u00e9pare les millionnaires des autres.<\/p>\n\n\n\n<p><strong>Ne laisse pas le quotidien te d\u00e9finir<\/strong><\/p>\n\n\n\n<p>Les millionnaires ne sont pas plus occup\u00e9s que toi. Tu sais ce qui les distingue ? Leur capacit\u00e9 \u00e0 prioriser ce qui compte r\u00e9ellement. Ils savent que chaque minute est pr\u00e9cieuse, et ils l\u2019utilisent en cons\u00e9quence. Regarde autour de toi : combien de fois as-tu \u00e9t\u00e9 distrait par un message, une notification, une r\u00e9union inutile ? Combien de fois as-tu c\u00e9d\u00e9 \u00e0 la tentation de \u00ab\u00a0perdre cinq minutes\u00a0\u00bb sur ton t\u00e9l\u00e9phone, qui se transforment en une heure de procrastination ? Si tu veux \u00eatre comme eux, tu dois commencer par te poser une question : <em>est-ce que je suis en train d\u2019utiliser mon temps pour construire quelque chose de plus grand que moi ?<\/em><\/p>\n\n\n\n<p>Imaginons \u00e7a concr\u00e8tement. Un millionnaire se l\u00e8ve t\u00f4t. Ce n\u2019est pas une question de discipline, c\u2019est une question de priorit\u00e9. D\u00e8s le matin, il attaque une t\u00e2che importante qui le rapproche de son objectif. Pas de petites t\u00e2ches insignifiantes qui ne m\u00e8nent \u00e0 rien. Il sait que l\u2019\u00e9nergie du matin est cruciale, alors il l\u2019utilise pour avancer dans ce qui compte. Et toi ? Est-ce que tu commences ta journ\u00e9e \u00e0 te laisser engloutir par des d\u00e9tails qui ne t&rsquo;am\u00e8nent nulle part ?<\/p>\n\n\n\n<p><strong>Le secret r\u00e9side dans les choix quotidiens<\/strong><\/p>\n\n\n\n<p>Tu sais ce qui tue la productivit\u00e9 ? La dispersion. Trop de projets, trop d\u2019id\u00e9es, trop de \u00ab\u00a0\u00e0 faire\u00a0\u00bb. C\u2019est simple, si tu veux \u00eatre efficace, il faut r\u00e9duire la quantit\u00e9 de choses \u00e0 faire et se concentrer sur ce qui apporte r\u00e9ellement des r\u00e9sultats. Un millionnaire ne s\u2019attarde pas sur les petites t\u00e2ches inutiles. Il d\u00e9l\u00e8gue. Il se concentre uniquement sur les actions \u00e0 fort impact. Voil\u00e0 ce que tu fais de travers : tu essaies de tout faire, et en fin de compte, tu ne fais rien correctement. Il est temps de changer \u00e7a.<\/p>\n\n\n\n<p>Un exemple ? Prenons Steve Jobs, qui portait toujours la m\u00eame tenue. Pourquoi ? Parce qu\u2019il voulait \u00e9liminer les d\u00e9cisions inutiles pour se concentrer sur l\u2019essentiel. Imagine si tu pouvais t&rsquo;affranchir de toutes ces d\u00e9cisions futiles dans ta journ\u00e9e. Combien de temps et d\u2019\u00e9nergie tu \u00e9conomiserais pour te concentrer sur ce qui compte vraiment ?<\/p>\n\n\n\n<p><strong>Les habitudes \u00e0 int\u00e9grer imm\u00e9diatement<\/strong><\/p>\n\n\n\n<p>Ce n\u2019est pas de la magie. C\u2019est de la gestion de l\u2019attention. Pour \u00eatre un millionnaire, tu dois commencer par \u00eatre strat\u00e9gique avec ton attention. Voici des conseils simples, mais puissants :<\/p>\n\n\n\n<ol class=\"wp-block-list\">\n<li><strong>Priorise d\u00e8s le matin<\/strong> : Chaque jour, identifie une t\u00e2che qui te rapproche de ton objectif. Ce n\u2019est pas la t\u00e2che la plus facile, mais celle qui a le plus d&rsquo;impact.<\/li>\n\n\n\n<li><strong>\u00c9limine les distractions<\/strong> : Garde ton t\u00e9l\u00e9phone hors de port\u00e9e, mets-le en mode avion ou m\u00eame hors de la pi\u00e8ce quand tu travailles. Ce n\u2019est pas une option, c\u2019est une r\u00e8gle.<\/li>\n\n\n\n<li><strong>D\u00e9l\u00e8gue tout ce qui peut l\u2019\u00eatre<\/strong> : Si tu ne peux pas le faire toi-m\u00eame, trouve quelqu\u2019un qui peut. Ta valeur est dans ce que tu cr\u00e9es, pas dans les t\u00e2ches sans importance.<\/li>\n\n\n\n<li><strong>Exploite tes moments d\u2019\u00e9nergie<\/strong> : La plupart des gens laissent leurs meilleures heures s\u2019\u00e9vaporer dans des t\u00e2ches simples et peu valorisantes. Utilise les moments o\u00f9 tu es le plus cr\u00e9atif pour avancer dans tes projets les plus importants.<\/li>\n<\/ol>\n\n\n\n<p>Les millionnaires n\u2019ont pas de pouvoirs magiques. Ils ont juste compris une chose : tu es l\u00e0 o\u00f9 tu mets ton attention. Si tu n\u2019as pas encore de r\u00e9sultats, c\u2019est parce que tu n\u2019as pas encore appris \u00e0 contr\u00f4ler o\u00f9 va ton \u00e9nergie. Commence d\u00e8s aujourd\u2019hui \u00e0 ma\u00eetriser ton temps, \u00e0 choisir ce qui compte vraiment, et tu verras ta vie changer.<\/p>\n\n\n\n<p><strong>Conclusion : Tu peux \u00eatre ce que tu veux, mais pas si tu continues \u00e0 faire ce que tu fais<\/strong><\/p>\n\n\n\n<p>Si tu veux r\u00e9ellement que ta vie change, il est temps de comprendre \u00e7a : <em>tout est une question de choix.<\/em> Chaque minute compte. Les millionnaires savent cela, c\u2019est pourquoi ils agissent diff\u00e9remment. Ils ont appris \u00e0 maximiser chaque instant, \u00e0 se concentrer sur ce qui fait la diff\u00e9rence. Maintenant, \u00e0 toi de d\u00e9cider si tu veux suivre leurs traces. Si tu veux vraiment que ta vie change, il n\u2019y a qu\u2019une seule question \u00e0 te poser : <em>Est-ce que je vais continuer \u00e0 perdre mon temps comme avant, ou vais-je enfin commencer \u00e0 agir comme quelqu&rsquo;un qui veut vraiment r\u00e9ussir ?<\/em><\/p>\n\n\n\n<p class=\"has-vivid-red-color has-text-color has-link-color wp-elements-d04382cf51dbafc17c570851d15e6934\"><strong>Si cet article t\u2019a fait r\u00e9fl\u00e9chir, partage-le, et merci d\u2019avoir pris le temps de le lire.<\/strong><\/p>\n\n\n\n<p>Guido SAVERIO.<\/p>\n\n\n\n<ul class=\"wp-block-list\">\n<li><strong><em><a href=\"https:\/\/creervotrebusiness.com\/index.php\/lance-ton-business-sans-tordre-le-poignet-le-secret-que-les-gourous-de-la-reussite-ne-veulent-pas-que-tu-saches\/\">Lance ton business sans tordre le poignet \u2013 Le secret que les gourous de la r\u00e9ussite ne veulent pas que tu saches<\/a><\/em><\/strong><\/li>\n\n\n\n<li><strong><em><a href=\"https:\/\/creervotrebusiness.com\/index.php\/arrete-de-rever-petit-comment-creer-un-empire-a-partir-de-rien\/\">Arr\u00eate de r\u00eaver petit : Comment cr\u00e9er un empire \u00e0 partir de rien<\/a><\/em><\/strong><\/li>\n\n\n\n<li><strong><em><a href=\"https:\/\/creervotrebusiness.com\/index.php\/de-zero-a-heros-ce-quon-ne-ta-jamais-dit-sur-la-reussite\/\">De z\u00e9ro \u00e0 h\u00e9ros : Ce qu\u2019on ne t\u2019a jamais dit sur la r\u00e9ussite<\/a><\/em><\/strong><\/li>\n\n\n\n<li><strong><em><a href=\"https:\/\/creervotrebusiness.com\/index.php\/quitte-ton-job-9-5-et-fais-exploser-tes-revenus-le-guide-pour-les-revoltes\/\">Quitte ton job 9-5 et fais exploser tes revenus \u2013 Le guide pour les r\u00e9volt\u00e9s<\/a><\/em><\/strong><\/li>\n\n\n\n<li><strong><em><a href=\"https:\/\/creervotrebusiness.com\/index.php\/devenir-millionnaire-en-faisant-ce-que-tu-aimes-ca-commence-maintenant\/\">Devenir millionnaire en faisant ce que tu aimes : \u00c7a commence maintenant.<\/a><\/em><\/strong><\/li>\n\n\n\n<li><strong><em><a href=\"https:\/\/creervotrebusiness.com\/index.php\/revolutionne-ta-vie-en-30-jours-comment-batir-un-business-qui-te-fait-rever\/\">R\u00e9volutionne ta vie en 30 jours : Comment b\u00e2tir un business qui te fait r\u00eaver<\/a><\/em><\/strong><\/li>\n\n\n\n<li><strong><em><a href=\"https:\/\/creervotrebusiness.com\/index.php\/ton-futur-est-entre-tes-mains-lance-ton-business-comme-un-pro-en-10-etapes\/\">Ton futur est entre tes mains \u2013 Lance ton business comme un pro en 10 \u00e9tapes<\/a><\/em><\/strong><\/li>\n\n\n\n<li><strong><em><a href=\"https:\/\/creervotrebusiness.com\/index.php\/fais-le-maintenant-avant-que-quelquun-dautre-ne-prenne-ta-place\/\">Fais-le maintenant, avant que quelqu\u2019un d\u2019autre ne prenne ta place<\/a><\/em><\/strong><\/li>\n\n\n\n<li><strong><em><a href=\"https:\/\/creervotrebusiness.com\/index.php\/cesse-dattendre-lopportunite-cree-la-le-business-des-audacieux\/\">Cesse d\u2019attendre l\u2019opportunit\u00e9, cr\u00e9e-la : Le business des audacieux<\/a><\/em><\/strong><\/li>\n\n\n\n<li><strong><em><a href=\"https:\/\/creervotrebusiness.com\/index.php\/ne-laisse-pas-ta-peur-decider-de-ton-futur-comment-devenir-lentrepreneur-que-tu-es-cense-etre\/\">Ne laisse pas ta peur d\u00e9cider de ton futur \u2013 Comment devenir l\u2019entrepreneur que tu es cens\u00e9 \u00eatre<\/a><\/em><\/strong><\/li>\n\n\n\n<li><strong><em><a href=\"https:\/\/creervotrebusiness.com\/index.php\/les-millionnaires-nont-pas-plus-de-temps-que-toi-voici-ce-quils-font-differemment\/\">Les millionnaires n&rsquo;ont pas plus de temps que toi \u2013 Voici ce qu\u2019ils font diff\u00e9remment<\/a><\/em><\/strong><\/li>\n\n\n\n<li><strong><em><a href=\"https:\/\/creervotrebusiness.com\/index.php\/reve-grand-travaille-dur-et-regarde-largent-arriver-la-methode-qui-marche\/\">R\u00eave grand, travaille dur, et regarde l\u2019argent arriver \u2013 La m\u00e9thode qui marche<\/a><\/em><\/strong><\/li>\n\n\n\n<li><strong><em><a href=\"https:\/\/creervotrebusiness.com\/index.php\/pourquoi-tu-nas-toujours-pas-cree-ton-business-et-comment-changer-ca\/\">Pourquoi tu n\u2019as toujours pas cr\u00e9\u00e9 ton business (et comment changer \u00e7a)<\/a><\/em><\/strong><\/li>\n\n\n\n<li><strong><em><a href=\"https:\/\/creervotrebusiness.com\/index.php\/le-reve-detre-ton-propre-patron-ce-quil-faut-vraiment-pour-y-arriver\/\">Le r\u00eave d\u2019\u00eatre ton propre patron : Ce qu\u2019il faut vraiment pour y arriver<\/a><\/em><\/strong><\/li>\n\n\n\n<li><strong><em><a href=\"https:\/\/creervotrebusiness.com\/index.php\/quitter-le-quotidien-pour-une-vie-de-liberte-lultime-recette-pour-batir-un-business-reussi\/\">Quitter le quotidien pour une vie de libert\u00e9 : L\u2019ultime recette pour b\u00e2tir un business r\u00e9ussi<\/a><\/em><\/strong><\/li>\n<\/ul>\n","protected":false},"excerpt":{"rendered":"<p>C\u2019est une id\u00e9e re\u00e7ue : \u00ab\u00a0Les millionnaires ont plus de temps que nous.\u00a0\u00bb Mais est-ce vraiment vrai ? Non, et c&rsquo;est \u00e7a le truc. Ils n&rsquo;ont pas plus de temps, ils ont juste une approche diff\u00e9rente. Pourquoi eux, et pas&#8230; <a href=\"https:\/\/creervotrebusiness.com\/index.php\/les-millionnaires-nont-pas-plus-de-temps-que-toi-voici-ce-quils-font-differemment\/\" class=\"readmore\">Read more<span class=\"screen-reader-text\">Les millionnaires n&rsquo;ont pas plus de temps que toi \u2013 Voici ce qu\u2019ils font diff\u00e9remment<\/span><span class=\"fa fa-angle-double-right\" aria-hidden=\"true\"><\/span><\/a><\/p>\n","protected":false},"author":1,"featured_media":0,"parent":0,"menu_order":0,"comment_status":"closed","ping_status":"closed","template":"","meta":{"om_disable_all_campaigns":false,"_monsterinsights_skip_tracking":false,"_monsterinsights_sitenote_active":false,"_monsterinsights_sitenote_note":"","_monsterinsights_sitenote_category":0,"footnotes":""},"class_list":["post-868","page","type-page","status-publish","hentry"],"_links":{"self":[{"href":"https:\/\/creervotrebusiness.com\/index.php\/wp-json\/wp\/v2\/pages\/868","targetHints":{"allow":["GET"]}}],"collection":[{"href":"https:\/\/creervotrebusiness.com\/index.php\/wp-json\/wp\/v2\/pages"}],"about":[{"href":"https:\/\/creervotrebusiness.com\/index.php\/wp-json\/wp\/v2\/types\/page"}],"author":[{"embeddable":true,"href":"https:\/\/creervotrebusiness.com\/index.php\/wp-json\/wp\/v2\/users\/1"}],"replies":[{"embeddable":true,"href":"https:\/\/creervotrebusiness.com\/index.php\/wp-json\/wp\/v2\/comments?post=868"}],"version-history":[{"count":2,"href":"https:\/\/creervotrebusiness.com\/index.php\/wp-json\/wp\/v2\/pages\/868\/revisions"}],"predecessor-version":[{"id":913,"href":"https:\/\/creervotrebusiness.com\/index.php\/wp-json\/wp\/v2\/pages\/868\/revisions\/913"}],"wp:attachment":[{"href":"https:\/\/creervotrebusiness.com\/index.php\/wp-json\/wp\/v2\/media?parent=868"}],"curies":[{"name":"wp","href":"https:\/\/api.w.org\/{rel}","templated":true}]}}