{"id":599,"date":"2023-04-29T12:29:21","date_gmt":"2023-04-29T12:29:21","guid":{"rendered":"https:\/\/creervotrebusiness.com\/?page_id=599"},"modified":"2023-04-29T12:29:21","modified_gmt":"2023-04-29T12:29:21","slug":"faire-des-traductions-en-ligne","status":"publish","type":"page","link":"https:\/\/creervotrebusiness.com\/index.php\/faire-des-traductions-en-ligne\/","title":{"rendered":"Faire des traductions en ligne"},"content":{"rendered":"\n<p>Faire des traductions en ligne peut \u00eatre une excellente fa\u00e7on de gagner de l&rsquo;argent suppl\u00e9mentaire si vous \u00eates bilingue ou multilingue. Voici quelques \u00e9tapes pour offrir des services de traduction en ligne :<\/p>\n\n\n\n<ol class=\"wp-block-list\">\n<li>D\u00e9terminez vos tarifs : Avant de commencer \u00e0 offrir des services de traduction en ligne, d\u00e9terminez combien vous allez facturer. Prenez en compte la langue source et la langue cible, la complexit\u00e9 du texte, ainsi que le taux horaire moyen pour ce genre de services dans votre r\u00e9gion.<\/li>\n\n\n\n<li>Trouvez des clients : Il existe plusieurs fa\u00e7ons de trouver des clients pour vos services de traduction en ligne. Vous pouvez utiliser des plateformes en ligne telles que Upwork, Freelancer, ou Fiverr pour trouver des projets de traduction. Vous pouvez \u00e9galement poster des annonces sur les r\u00e9seaux sociaux ou sur les sites web de petites annonces.<\/li>\n\n\n\n<li>Pr\u00e9parez votre mat\u00e9riel : Assurez-vous d&rsquo;avoir un ordinateur et une connexion Internet fiables, ainsi qu&rsquo;un logiciel de traduction professionnel tel que SDL Trados ou MemoQ. Si vous offrez des services de traduction de textes techniques ou sp\u00e9cialis\u00e9s, vous devrez peut-\u00eatre \u00e9galement vous familiariser avec les termes et les concepts sp\u00e9cifiques \u00e0 ces domaines.<\/li>\n\n\n\n<li>Respectez les d\u00e9lais : Respectez toujours les d\u00e9lais convenus avec vos clients. Les d\u00e9lais sont g\u00e9n\u00e9ralement assez serr\u00e9s dans le domaine de la traduction, il est donc important de bien g\u00e9rer votre temps pour \u00e9viter tout retard.<\/li>\n\n\n\n<li>Fournissez un excellent service : Fournissez un service de qualit\u00e9 \u00e0 vos clients en veillant \u00e0 respecter leurs demandes et leurs besoins. Soyez professionnel, courtois, et n&rsquo;h\u00e9sitez pas \u00e0 demander des clarifications si vous avez des doutes sur la signification d&rsquo;un texte ou sur les attentes de votre client.<\/li>\n<\/ol>\n\n\n\n<p>En offrant des services de traduction en ligne, vous pouvez non seulement gagner de l&rsquo;argent suppl\u00e9mentaire, mais \u00e9galement aider les entreprises et les particuliers \u00e0 communiquer efficacement dans diff\u00e9rentes langues. Assurez-vous de fournir un excellent service, de respecter les d\u00e9lais, et de faire preuve de professionnalisme, et vous pourriez rapidement avoir une client\u00e8le fid\u00e8le et satisfaite.<\/p>\n","protected":false},"excerpt":{"rendered":"<p>Faire des traductions en ligne peut \u00eatre une excellente fa\u00e7on de gagner de l&rsquo;argent suppl\u00e9mentaire si vous \u00eates bilingue ou multilingue. Voici quelques \u00e9tapes pour offrir des services de traduction en ligne : En offrant des services de traduction en&#8230; <a href=\"https:\/\/creervotrebusiness.com\/index.php\/faire-des-traductions-en-ligne\/\" class=\"readmore\">Read more<span class=\"screen-reader-text\">Faire des traductions en ligne<\/span><span class=\"fa fa-angle-double-right\" aria-hidden=\"true\"><\/span><\/a><\/p>\n","protected":false},"author":1,"featured_media":0,"parent":0,"menu_order":0,"comment_status":"closed","ping_status":"closed","template":"","meta":{"om_disable_all_campaigns":false,"_monsterinsights_skip_tracking":false,"_monsterinsights_sitenote_active":false,"_monsterinsights_sitenote_note":"","_monsterinsights_sitenote_category":0,"footnotes":""},"class_list":["post-599","page","type-page","status-publish","hentry"],"_links":{"self":[{"href":"https:\/\/creervotrebusiness.com\/index.php\/wp-json\/wp\/v2\/pages\/599","targetHints":{"allow":["GET"]}}],"collection":[{"href":"https:\/\/creervotrebusiness.com\/index.php\/wp-json\/wp\/v2\/pages"}],"about":[{"href":"https:\/\/creervotrebusiness.com\/index.php\/wp-json\/wp\/v2\/types\/page"}],"author":[{"embeddable":true,"href":"https:\/\/creervotrebusiness.com\/index.php\/wp-json\/wp\/v2\/users\/1"}],"replies":[{"embeddable":true,"href":"https:\/\/creervotrebusiness.com\/index.php\/wp-json\/wp\/v2\/comments?post=599"}],"version-history":[{"count":1,"href":"https:\/\/creervotrebusiness.com\/index.php\/wp-json\/wp\/v2\/pages\/599\/revisions"}],"predecessor-version":[{"id":600,"href":"https:\/\/creervotrebusiness.com\/index.php\/wp-json\/wp\/v2\/pages\/599\/revisions\/600"}],"wp:attachment":[{"href":"https:\/\/creervotrebusiness.com\/index.php\/wp-json\/wp\/v2\/media?parent=599"}],"curies":[{"name":"wp","href":"https:\/\/api.w.org\/{rel}","templated":true}]}}