{"id":521,"date":"2023-03-09T21:09:15","date_gmt":"2023-03-09T21:09:15","guid":{"rendered":"https:\/\/creervotrebusiness.com\/?page_id=521"},"modified":"2023-05-04T12:14:16","modified_gmt":"2023-05-04T12:14:16","slug":"comment-creer-son-business-en-ligne-en-partant-de-zero","status":"publish","type":"page","link":"https:\/\/creervotrebusiness.com\/index.php\/comment-creer-son-business-en-ligne-en-partant-de-zero\/","title":{"rendered":"Comment cr\u00e9er son business en ligne en partant de z\u00e9ro ?"},"content":{"rendered":"\n<p>Cr\u00e9er un business en ligne \u00e0 partir de z\u00e9ro peut sembler intimidant, mais cela peut \u00eatre une exp\u00e9rience gratifiante et passionnante si vous prenez les bonnes mesures. Voici les \u00e9tapes \u00e0 suivre pour cr\u00e9er un business en ligne :<\/p>\n\n\n\n<ol class=\"wp-block-list\">\n<li>Trouvez une id\u00e9e de business rentable : Identifiez un cr\u00e9neau rentable en effectuant une recherche de march\u00e9 et en \u00e9valuant les tendances du march\u00e9. Vous pouvez \u00e9galement chercher des probl\u00e8mes \u00e0 r\u00e9soudre ou des besoins non satisfaits dans votre propre vie ou dans la vie des autres.<\/li>\n\n\n\n<li>\u00c9tablissez un plan d&rsquo;affaires : \u00c9tablissez un plan d&rsquo;affaires d\u00e9taill\u00e9 qui d\u00e9crit votre march\u00e9 cible, vos objectifs de revenus, vos strat\u00e9gies de marketing et vos co\u00fbts initiaux. Cela vous aidera \u00e0 rester sur la bonne voie et \u00e0 \u00e9valuer votre succ\u00e8s.<\/li>\n\n\n\n<li>Choisissez un nom et un domaine : Choisissez un nom pour votre entreprise et enregistrez un nom de domaine qui correspond \u00e0 votre entreprise. Utilisez des outils de recherche de noms de domaine pour trouver un nom unique et disponible.<\/li>\n\n\n\n<li>Cr\u00e9ez un site web : Cr\u00e9ez un site web pour votre entreprise en utilisant une plateforme de cr\u00e9ation de sites web comme WordPress ou Wix. Utilisez un design simple, professionnel et facile \u00e0 naviguer pour votre site web.<\/li>\n\n\n\n<li>\u00c9tablissez une pr\u00e9sence en ligne : \u00c9tablissez une pr\u00e9sence en ligne en cr\u00e9ant des profils sur les r\u00e9seaux sociaux pertinents pour votre entreprise et en participant \u00e0 des communaut\u00e9s en ligne pertinentes.<\/li>\n\n\n\n<li>\u00c9tablissez une strat\u00e9gie de marketing : \u00c9tablissez une strat\u00e9gie de marketing en utilisant des canaux de marketing en ligne tels que le r\u00e9f\u00e9rencement naturel, la publicit\u00e9 en ligne et le marketing par courriel pour atteindre votre public cible.<\/li>\n\n\n\n<li>Lancez votre entreprise : Une fois que vous avez termin\u00e9 les \u00e9tapes pr\u00e9c\u00e9dentes, il est temps de lancer votre entreprise en ligne. Assurez-vous de suivre votre plan d&rsquo;affaires et de surveiller votre succ\u00e8s \u00e0 mesure que votre entreprise se d\u00e9veloppe.<\/li>\n<\/ol>\n\n\n\n<p>Enfin, n&rsquo;oubliez pas que la cr\u00e9ation d&rsquo;une entreprise en ligne est un processus continu. Vous devrez continuer \u00e0 apprendre et \u00e0 \u00e9voluer \u00e0 mesure que votre entreprise se d\u00e9veloppe pour rester comp\u00e9titif sur le march\u00e9<\/p>\n\n\n\n<div class=\"wp-block-columns is-layout-flex wp-container-core-columns-is-layout-1 wp-block-columns-is-layout-flex\">\n<div class=\"wp-block-column is-layout-flow wp-block-column-is-layout-flow\">\n<figure class=\"wp-block-embed is-type-wp-embed is-provider-creer-votre-business wp-block-embed-creer-votre-business\"><div class=\"wp-block-embed__wrapper\">\n<blockquote class=\"wp-embedded-content\" data-secret=\"cmvddI8KDu\"><a href=\"https:\/\/creervotrebusiness.com\/index.php\/100-idees-creatives-pour-augmenter-vos-revenus\/\">100 id\u00e9es cr\u00e9atives pour augmenter vos revenus<\/a><\/blockquote><iframe loading=\"lazy\" class=\"wp-embedded-content\" sandbox=\"allow-scripts\" security=\"restricted\" style=\"position: absolute; clip: rect(1px, 1px, 1px, 1px);\" title=\"\u00ab\u00a0100 id\u00e9es cr\u00e9atives pour augmenter vos revenus\u00a0\u00bb &#8212; Creer votre business\" src=\"https:\/\/creervotrebusiness.com\/index.php\/100-idees-creatives-pour-augmenter-vos-revenus\/embed\/#?secret=9L4DIwqObZ#?secret=cmvddI8KDu\" data-secret=\"cmvddI8KDu\" width=\"600\" height=\"338\" frameborder=\"0\" marginwidth=\"0\" marginheight=\"0\" scrolling=\"no\"><\/iframe>\n<\/div><\/figure>\n<\/div>\n\n\n\n<div class=\"wp-block-column is-layout-flow wp-block-column-is-layout-flow\">\n<figure class=\"wp-block-embed is-type-wp-embed is-provider-creer-votre-business wp-block-embed-creer-votre-business\"><div class=\"wp-block-embed__wrapper\">\n<blockquote class=\"wp-embedded-content\" data-secret=\"RZWa8Kb7lw\"><a href=\"https:\/\/creervotrebusiness.com\/index.php\/idees-de-business-pour-gagner-de-largent\/\">Id\u00e9es de business pour gagner de l&#8217;argent<\/a><\/blockquote><iframe loading=\"lazy\" class=\"wp-embedded-content\" sandbox=\"allow-scripts\" security=\"restricted\" style=\"position: absolute; clip: rect(1px, 1px, 1px, 1px);\" title=\"\u00ab\u00a0Id\u00e9es de business pour gagner de l&#8217;argent\u00a0\u00bb &#8212; Creer votre business\" src=\"https:\/\/creervotrebusiness.com\/index.php\/idees-de-business-pour-gagner-de-largent\/embed\/#?secret=hMj6XsWdOK#?secret=RZWa8Kb7lw\" data-secret=\"RZWa8Kb7lw\" width=\"600\" height=\"338\" frameborder=\"0\" marginwidth=\"0\" marginheight=\"0\" scrolling=\"no\"><\/iframe>\n<\/div><\/figure>\n<\/div>\n<\/div>\n\n\n\n<figure class=\"wp-block-embed is-type-wp-embed is-provider-creer-votre-business wp-block-embed-creer-votre-business\"><div class=\"wp-block-embed__wrapper\">\n<blockquote class=\"wp-embedded-content\" data-secret=\"JNEdaX5DwM\"><a href=\"https:\/\/creervotrebusiness.com\/index.php\/etablissez-un-plan-daffaires\/\">\u00c9tablissez un plan d&#8217;affaires<\/a><\/blockquote><iframe loading=\"lazy\" class=\"wp-embedded-content\" sandbox=\"allow-scripts\" security=\"restricted\" style=\"position: absolute; clip: rect(1px, 1px, 1px, 1px);\" title=\"\u00ab\u00a0\u00c9tablissez un plan d&#8217;affaires\u00a0\u00bb &#8212; Creer votre business\" src=\"https:\/\/creervotrebusiness.com\/index.php\/etablissez-un-plan-daffaires\/embed\/#?secret=vPtvxszQzl#?secret=JNEdaX5DwM\" data-secret=\"JNEdaX5DwM\" width=\"600\" height=\"338\" frameborder=\"0\" marginwidth=\"0\" marginheight=\"0\" scrolling=\"no\"><\/iframe>\n<\/div><\/figure>\n\n\n\n<div class=\"wp-block-columns is-layout-flex wp-container-core-columns-is-layout-2 wp-block-columns-is-layout-flex\">\n<div class=\"wp-block-column is-layout-flow wp-block-column-is-layout-flow\">\n<figure class=\"wp-block-embed is-type-wp-embed is-provider-creer-votre-business wp-block-embed-creer-votre-business\"><div class=\"wp-block-embed__wrapper\">\n<blockquote class=\"wp-embedded-content\" data-secret=\"fChIbKhK5K\"><a href=\"https:\/\/creervotrebusiness.com\/index.php\/choisir-un-nom-et-un-domaine\/\">Choisir un nom et un domaine<\/a><\/blockquote><iframe loading=\"lazy\" class=\"wp-embedded-content\" sandbox=\"allow-scripts\" security=\"restricted\" style=\"position: absolute; clip: rect(1px, 1px, 1px, 1px);\" title=\"\u00ab\u00a0Choisir un nom et un domaine\u00a0\u00bb &#8212; Creer votre business\" src=\"https:\/\/creervotrebusiness.com\/index.php\/choisir-un-nom-et-un-domaine\/embed\/#?secret=UWZSO4TCJe#?secret=fChIbKhK5K\" data-secret=\"fChIbKhK5K\" width=\"600\" height=\"338\" frameborder=\"0\" marginwidth=\"0\" marginheight=\"0\" scrolling=\"no\"><\/iframe>\n<\/div><\/figure>\n<\/div>\n\n\n\n<div class=\"wp-block-column is-layout-flow wp-block-column-is-layout-flow\">\n<figure class=\"wp-block-embed is-type-wp-embed is-provider-creer-votre-business wp-block-embed-creer-votre-business\"><div class=\"wp-block-embed__wrapper\">\n<blockquote class=\"wp-embedded-content\" data-secret=\"Bq5xcaKlcC\"><a href=\"https:\/\/creervotrebusiness.com\/index.php\/creer-un-site-web\/\">Cr\u00e9er un site web<\/a><\/blockquote><iframe loading=\"lazy\" class=\"wp-embedded-content\" sandbox=\"allow-scripts\" security=\"restricted\" style=\"position: absolute; clip: rect(1px, 1px, 1px, 1px);\" title=\"\u00ab\u00a0Cr\u00e9er un site web\u00a0\u00bb &#8212; Creer votre business\" src=\"https:\/\/creervotrebusiness.com\/index.php\/creer-un-site-web\/embed\/#?secret=SuQaf3ZuDN#?secret=Bq5xcaKlcC\" data-secret=\"Bq5xcaKlcC\" width=\"600\" height=\"338\" frameborder=\"0\" marginwidth=\"0\" marginheight=\"0\" scrolling=\"no\"><\/iframe>\n<\/div><\/figure>\n<\/div>\n<\/div>\n\n\n\n<div class=\"wp-block-columns is-layout-flex wp-container-core-columns-is-layout-3 wp-block-columns-is-layout-flex\">\n<div class=\"wp-block-column is-layout-flow wp-block-column-is-layout-flow\">\n<figure class=\"wp-block-embed is-type-wp-embed is-provider-creer-votre-business wp-block-embed-creer-votre-business\"><div class=\"wp-block-embed__wrapper\">\n<blockquote class=\"wp-embedded-content\" data-secret=\"sRWo9d6Ugn\"><a href=\"https:\/\/creervotrebusiness.com\/index.php\/etablir-une-presence-en-ligne-solide\/\">\u00c9tablir une pr\u00e9sence en ligne solide<\/a><\/blockquote><iframe loading=\"lazy\" class=\"wp-embedded-content\" sandbox=\"allow-scripts\" security=\"restricted\" style=\"position: absolute; clip: rect(1px, 1px, 1px, 1px);\" title=\"\u00ab\u00a0\u00c9tablir une pr\u00e9sence en ligne solide\u00a0\u00bb &#8212; Creer votre business\" src=\"https:\/\/creervotrebusiness.com\/index.php\/etablir-une-presence-en-ligne-solide\/embed\/#?secret=5zpRnO5cOP#?secret=sRWo9d6Ugn\" data-secret=\"sRWo9d6Ugn\" width=\"600\" height=\"338\" frameborder=\"0\" marginwidth=\"0\" marginheight=\"0\" scrolling=\"no\"><\/iframe>\n<\/div><\/figure>\n<\/div>\n\n\n\n<div class=\"wp-block-column is-layout-flow wp-block-column-is-layout-flow\">\n<figure class=\"wp-block-embed is-type-wp-embed is-provider-creer-votre-business wp-block-embed-creer-votre-business\"><div class=\"wp-block-embed__wrapper\">\n<blockquote class=\"wp-embedded-content\" data-secret=\"2kqNQNh2C6\"><a href=\"https:\/\/creervotrebusiness.com\/index.php\/etablissez-une-strategie-de-marketing\/\">\u00c9tablissez une strat\u00e9gie de marketing<\/a><\/blockquote><iframe loading=\"lazy\" class=\"wp-embedded-content\" sandbox=\"allow-scripts\" security=\"restricted\" style=\"position: absolute; clip: rect(1px, 1px, 1px, 1px);\" title=\"\u00ab\u00a0\u00c9tablissez une strat\u00e9gie de marketing\u00a0\u00bb &#8212; Creer votre business\" src=\"https:\/\/creervotrebusiness.com\/index.php\/etablissez-une-strategie-de-marketing\/embed\/#?secret=npA7CSrdW6#?secret=2kqNQNh2C6\" data-secret=\"2kqNQNh2C6\" width=\"600\" height=\"338\" frameborder=\"0\" marginwidth=\"0\" marginheight=\"0\" scrolling=\"no\"><\/iframe>\n<\/div><\/figure>\n<\/div>\n<\/div>\n\n\n\n<div class=\"wp-block-columns is-layout-flex wp-container-core-columns-is-layout-4 wp-block-columns-is-layout-flex\">\n<div class=\"wp-block-column is-layout-flow wp-block-column-is-layout-flow\">\n<iframe loading=\"lazy\" width=\"360\" height=\"215\" src=\"https:\/\/www.youtube.com\/embed\/Nwwxdf17eEg\" title=\"YouTube video player\" frameborder=\"0\" allow=\"accelerometer; autoplay; clipboard-write; encrypted-media; gyroscope; picture-in-picture; web-share\" allowfullscreen><\/iframe>\n<\/div>\n\n\n\n<div class=\"wp-block-column is-layout-flow wp-block-column-is-layout-flow\">\n<iframe loading=\"lazy\" width=\"360\" height=\"215\" src=\"https:\/\/www.youtube.com\/embed\/0AIYm6Osubs\" title=\"YouTube video player\" frameborder=\"0\" allow=\"accelerometer; autoplay; clipboard-write; encrypted-media; gyroscope; picture-in-picture; web-share\" allowfullscreen><\/iframe>\n<\/div>\n<\/div>\n","protected":false},"excerpt":{"rendered":"<p>Cr\u00e9er un business en ligne \u00e0 partir de z\u00e9ro peut sembler intimidant, mais cela peut \u00eatre une exp\u00e9rience gratifiante et passionnante si vous prenez les bonnes mesures. Voici les \u00e9tapes \u00e0 suivre pour cr\u00e9er un business en ligne : Enfin,&#8230; <a href=\"https:\/\/creervotrebusiness.com\/index.php\/comment-creer-son-business-en-ligne-en-partant-de-zero\/\" class=\"readmore\">Read more<span class=\"screen-reader-text\">Comment cr\u00e9er son business en ligne en partant de z\u00e9ro ?<\/span><span class=\"fa fa-angle-double-right\" aria-hidden=\"true\"><\/span><\/a><\/p>\n","protected":false},"author":1,"featured_media":0,"parent":0,"menu_order":0,"comment_status":"closed","ping_status":"closed","template":"","meta":{"om_disable_all_campaigns":false,"_monsterinsights_skip_tracking":false,"_monsterinsights_sitenote_active":false,"_monsterinsights_sitenote_note":"","_monsterinsights_sitenote_category":0,"footnotes":""},"class_list":["post-521","page","type-page","status-publish","hentry"],"_links":{"self":[{"href":"https:\/\/creervotrebusiness.com\/index.php\/wp-json\/wp\/v2\/pages\/521","targetHints":{"allow":["GET"]}}],"collection":[{"href":"https:\/\/creervotrebusiness.com\/index.php\/wp-json\/wp\/v2\/pages"}],"about":[{"href":"https:\/\/creervotrebusiness.com\/index.php\/wp-json\/wp\/v2\/types\/page"}],"author":[{"embeddable":true,"href":"https:\/\/creervotrebusiness.com\/index.php\/wp-json\/wp\/v2\/users\/1"}],"replies":[{"embeddable":true,"href":"https:\/\/creervotrebusiness.com\/index.php\/wp-json\/wp\/v2\/comments?post=521"}],"version-history":[{"count":9,"href":"https:\/\/creervotrebusiness.com\/index.php\/wp-json\/wp\/v2\/pages\/521\/revisions"}],"predecessor-version":[{"id":646,"href":"https:\/\/creervotrebusiness.com\/index.php\/wp-json\/wp\/v2\/pages\/521\/revisions\/646"}],"wp:attachment":[{"href":"https:\/\/creervotrebusiness.com\/index.php\/wp-json\/wp\/v2\/media?parent=521"}],"curies":[{"name":"wp","href":"https:\/\/api.w.org\/{rel}","templated":true}]}}