{"id":465,"date":"2023-02-22T18:20:59","date_gmt":"2023-02-22T18:20:59","guid":{"rendered":"https:\/\/creervotrebusiness.com\/?page_id=465"},"modified":"2023-02-22T18:21:00","modified_gmt":"2023-02-22T18:21:00","slug":"faites-en-sorte-que-votre-entreprise-a-domicile-travaille-pour-vous-avec-ces-simples-conseils","status":"publish","type":"page","link":"https:\/\/creervotrebusiness.com\/index.php\/faites-en-sorte-que-votre-entreprise-a-domicile-travaille-pour-vous-avec-ces-simples-conseils\/","title":{"rendered":"Faites en sorte que votre entreprise \u00e0 domicile travaille pour vous avec ces simples conseils"},"content":{"rendered":"\n<p><\/p>\n\n\n\n<p>La plupart des gens pensent de temps en temps \u00e0 d\u00e9marrer une entreprise \u00e0 domicile. Il en est probablement vrai pour vous aussi. \u00catre en mesure de travailler quand on le veut est, pour beaucoup, un avantage ind\u00e9niable. Si vous \u00eates \u00e0 la recherche de quelques conseils, continuez \u00e0 lire ceci.<\/p>\n\n\n\n<p><strong>1. Un engagement formel \u00e0 la r\u00e9ussite est n\u00e9cessaire pour toute entreprise \u00e0 domicile souhaitant prosp\u00e9rer. <\/strong>Vous devez comprendre les lois de votre r\u00e9gion qui concernent les entreprises \u00e0 domicile. Vous trouverez peut-\u00eatre qu\u2019il vous est obligatoire de construire un b\u00e2timent s\u00e9par\u00e9 de votre propri\u00e9t\u00e9 pour h\u00e9berger votre entreprise, ainsi vos clients n\u2019entreront pas dans votre domicile. Ceci est \u00e9galement un excellent moyen de garder des limites claires entre le travail et la maison.<\/p>\n\n\n\n<p><strong>2. \u00c9laborer un calendrier explicite pour dissocier le temps o\u00f9 vous vous consacrerez compl\u00e8tement au travail et le temps que vous prendrez pour vous. <\/strong>D\u00e9terminez une heure de fin pour chaque journ\u00e9e de travail et assurez-vous que vos amis et vos parents en soient inform\u00e9s.<\/p>\n\n\n\n<p><strong>3. Votre famille devrait s\u2019abstenir de vous interrompre lorsque vous travaillez \u00e0 la maison, car les interruptions risquent de nuire \u00e0 votre productivit\u00e9. <\/strong>Tenez donc inform\u00e9 tout votre entourage quand vous travaillez et quand vous pensez que vous avez termin\u00e9. Expliquez que le calme vous est tr\u00e8s important et qu\u2019il vous permettra d\u2019\u00eatre disponible lorsque vous aurez termin\u00e9. Assurez-vous aussi que vos enfants sont bien encadr\u00e9s et soyez disponible en cas de besoin.<\/p>\n\n\n\n<p><strong>4. Il ne faut jamais oublier de prendre un peu de temps pour soi lorsque l\u2019on travaille \u00e0 la maison. <\/strong>Votre entreprise \u00e0 domicile peut donner un \u00e9norme coup de pouce \u00e0 votre enthousiasme, mais si vous vous n\u00e9gligez en faveur de votre travail, vous risquez de le payer cher au fil du temps. Restez propre, mangez sainement, et travaillez quotidiennement. En appliquant ces conseils, vous vous assurerez de toujours refl\u00e9ter une bonne image de vous.<\/p>\n\n\n\n<p><strong>5. L\u2019ouverture d\u2019un compte courant pour votre entreprise vous aidera \u00e0 garder une trace de vos transactions plus facilement. <\/strong>Utilisez votre compte pour tous les d\u00e9p\u00f4ts, les paiements et les d\u00e9penses li\u00e9es \u00e0 votre entreprise. Cela rendra plus facile le suivi des op\u00e9rations de votre entreprise. Pensez aussi \u00e0 obtenir une carte de cr\u00e9dit pour votre entreprise, et ce afin de l\u2019utiliser pour les d\u00e9penses connexes.<\/p>\n\n\n\n<p><strong>6. N\u2019oubliez pas les cartes de visite. <\/strong>De nombreuses entreprises en ligne vous feront des cartes de visite \u00e0 un co\u00fbt vraiment abordable. Vos cartes devraient inclure toutes les informations pertinentes, y compris votre nom, votre nom commercial, votre logo et votre num\u00e9ro de t\u00e9l\u00e9phone. Vos cartes devraient \u00e9galement fournir des informations de contact en ligne, comme l\u2019URL de votre site et votre email. Ayant toutes ces informations, il sera beaucoup plus facile pour vos clients de contacter votre entreprise, par le moyen avec lequel ils se sentent le plus \u00e0 l\u2019aise.<\/p>\n\n\n\n<p><strong>7. Lorsque vous commencerez \u00e0 faire des profits, assurez-vous de garder une partie pour les imp\u00f4ts. <\/strong>Vous devrez mettre de c\u00f4t\u00e9 20&nbsp;% de vos revenus afin de le faire quand vient le temps de payer vos imp\u00f4ts.<\/p>\n\n\n\n<p>Peu importe ce que votre entreprise \u00e0 domicile propose comme services&nbsp;; si vous voulez r\u00e9ussir, vos efforts doivent \u00eatre ax\u00e9s sur le client et sur sa satisfaction. Vous \u00eates le patron et la r\u00e9ussite de votre entreprise d\u00e9pend de la fa\u00e7on dont vous la g\u00e9rez. Pour r\u00e9ussir dans toute entreprise, vous devez poursuivre les recherches afin d\u2019am\u00e9liorer continument votre politique. Avec le temps, vous verrez rapidement votre entreprise se porter de mieux en mieux.<\/p>\n","protected":false},"excerpt":{"rendered":"<p>La plupart des gens pensent de temps en temps \u00e0 d\u00e9marrer une entreprise \u00e0 domicile. Il en est probablement vrai pour vous aussi. \u00catre en mesure de travailler quand on le veut est, pour beaucoup, un avantage ind\u00e9niable. Si vous&#8230; <a href=\"https:\/\/creervotrebusiness.com\/index.php\/faites-en-sorte-que-votre-entreprise-a-domicile-travaille-pour-vous-avec-ces-simples-conseils\/\" class=\"readmore\">Read more<span class=\"screen-reader-text\">Faites en sorte que votre entreprise \u00e0 domicile travaille pour vous avec ces simples conseils<\/span><span class=\"fa fa-angle-double-right\" aria-hidden=\"true\"><\/span><\/a><\/p>\n","protected":false},"author":1,"featured_media":0,"parent":0,"menu_order":0,"comment_status":"closed","ping_status":"closed","template":"","meta":{"om_disable_all_campaigns":false,"_monsterinsights_skip_tracking":false,"_monsterinsights_sitenote_active":false,"_monsterinsights_sitenote_note":"","_monsterinsights_sitenote_category":0,"footnotes":""},"class_list":["post-465","page","type-page","status-publish","hentry"],"_links":{"self":[{"href":"https:\/\/creervotrebusiness.com\/index.php\/wp-json\/wp\/v2\/pages\/465","targetHints":{"allow":["GET"]}}],"collection":[{"href":"https:\/\/creervotrebusiness.com\/index.php\/wp-json\/wp\/v2\/pages"}],"about":[{"href":"https:\/\/creervotrebusiness.com\/index.php\/wp-json\/wp\/v2\/types\/page"}],"author":[{"embeddable":true,"href":"https:\/\/creervotrebusiness.com\/index.php\/wp-json\/wp\/v2\/users\/1"}],"replies":[{"embeddable":true,"href":"https:\/\/creervotrebusiness.com\/index.php\/wp-json\/wp\/v2\/comments?post=465"}],"version-history":[{"count":1,"href":"https:\/\/creervotrebusiness.com\/index.php\/wp-json\/wp\/v2\/pages\/465\/revisions"}],"predecessor-version":[{"id":466,"href":"https:\/\/creervotrebusiness.com\/index.php\/wp-json\/wp\/v2\/pages\/465\/revisions\/466"}],"wp:attachment":[{"href":"https:\/\/creervotrebusiness.com\/index.php\/wp-json\/wp\/v2\/media?parent=465"}],"curies":[{"name":"wp","href":"https:\/\/api.w.org\/{rel}","templated":true}]}}