{"id":461,"date":"2023-02-22T18:15:23","date_gmt":"2023-02-22T18:15:23","guid":{"rendered":"https:\/\/creervotrebusiness.com\/?page_id=461"},"modified":"2023-02-22T18:15:23","modified_gmt":"2023-02-22T18:15:23","slug":"devenez-votre-propre-patron-8-trucs-et-astuces-pour-generer-du-profit-a-domicile","status":"publish","type":"page","link":"https:\/\/creervotrebusiness.com\/index.php\/devenez-votre-propre-patron-8-trucs-et-astuces-pour-generer-du-profit-a-domicile\/","title":{"rendered":"Devenez votre propre patron\u00a0: 8 trucs et astuces pour g\u00e9n\u00e9rer du profit \u00e0 domicile"},"content":{"rendered":"\n<p><\/p>\n\n\n\n<p>G\u00e9rer une entreprise \u00e0 domicile a ses avantages, mais peut aussi avoir ses inconv\u00e9nients si l\u2019on n\u2019est pas assez inform\u00e9. Il serait une grossi\u00e8re erreur de vous lancer aveugl\u00e9ment et de risquer de faire des erreurs qui ont d\u00e9j\u00e0 \u00e9t\u00e9 commises encore et encore par d\u2019autres personnes avant vous et qui peuvent vous couter de l\u2019argent et du temps. Faites des recherches et documentez-vous afin de mettre toutes les chances de votre c\u00f4t\u00e9 et \u00e9viter ainsi ces erreurs. Voici quelques bons conseils pour aider votre entreprise \u00e0 domicile \u00e0 prosp\u00e9rer.<\/p>\n\n\n\n<p><strong>1. Si vous voulez voir votre entreprise \u00e0 domicile prosp\u00e9rer, vous devez penser \u00e0 mettre en place des plans de secours dans le cas o\u00f9 les choses venaient \u00e0 se corser. <\/strong>Ainsi, vous ne serez pas pris de court si, par exemple, vous rencontrez des probl\u00e8mes avec votre h\u00e9bergement ou si vos colis tardent \u00e0 arriver \u00e0 leur destinataire.<\/p>\n\n\n\n<p><strong>2. Devenir son propre patron et avoir sa propre entreprise demande certes beaucoup d\u2019effort, mais il y a aussi beaucoup de plaisir \u00e0 en tirer. <\/strong>Une chose \u00e0 laquelle vous devez penser si vous envisagez de lancer une entreprise est de trouver votre cr\u00e9neau. Cela peut \u00eatre un domaine qui vous passionne o\u00f9 dans lequel vous souhaitez faire carri\u00e8re. Faites alors beaucoup de recherche sur la question avant d\u2019y mettre le paquet. Pensez aussi \u00e0 entrer en contact avec d\u2019autres personnes qui ont des entreprises \u00e0 domicile pour obtenir quelques bonnes id\u00e9es.<\/p>\n\n\n\n<p><strong>3. Il est important que vous vous habilliez pour le succ\u00e8s, quel que soit l\u2019emplacement physique de votre travail. <\/strong>Si vous travaillez \u00e0 la maison, vous pourriez ne pas accorder beaucoup d\u2019importance \u00e0 ce que vous portez. Cependant, vous devez toujours vous habiller comme si vous alliez au bureau. Cela vous aidera \u00e0 garder un \u00e9tat d\u2019esprit productif.<\/p>\n\n\n\n<p><strong>4. Scrutez bien les CV de vos futurs employ\u00e9s avant de les recruter. <\/strong>De m\u00eame, v\u00e9rifiez leurs r\u00e9f\u00e9rences professionnelles. Les employ\u00e9s qui ne partagent pas votre vision et vos politiques ne feront que tirer votre entreprise vers le bas.<\/p>\n\n\n\n<p><strong>5. Les dossiers financiers relatifs \u00e0 votre entreprise doivent \u00eatre complets et pertinents, ainsi si vous \u00eates sujet \u00e0 une v\u00e9rification de la part des services des imp\u00f4ts, vous allez avoir \u00e0 leur donner des preuves des d\u00e9penses et des revenus de votre entreprise. <\/strong>La tenue de registres d\u00e9taill\u00e9s saura \u00e9galement vous aider \u00e0 analyser l\u2019\u00e9tat de sant\u00e9 financi\u00e8re de votre entreprise, et vous permettra alors de trouver des solutions pour r\u00e9duire vos d\u00e9penses et pour augmenter vos profits.<\/p>\n\n\n\n<p><strong>6. Consultez un avocat qui se sp\u00e9cialise dans les questions d\u2019affaires avant de d\u00e9marrer votre entreprise. <\/strong>Les lois relatives aux entreprises \u00e0 domicile peuvent diff\u00e9rer d\u2019un pays \u00e0 un autre. Si vous consultez un avocat, vous conna\u00eetrez les lois de votre pays sur la question et ainsi ce que vous devez faire pour vous assurer de ne pas vous retrouver dans des situations inconfortables.<\/p>\n\n\n\n<p><strong>7. Si vous pensez que votre entreprise risque de d\u00e9ranger votre vie familiale et votre foyer, il serait peut-\u00eatre plus raisonnable de vous tourner vers quelque chose d\u2019autre.<\/strong><\/p>\n\n\n\n<p><strong>8. Le SEO est la meilleure fa\u00e7on d\u2019am\u00e9liorer la visibilit\u00e9 sur Internet pour toute entreprise. <\/strong>Les propri\u00e9taires d\u2019entreprises \u00e0 domicile qui mettent en \u0153uvre des strat\u00e9gies de marketing en ligne et qui esp\u00e8rent atteindre un public plus large trouveront dans le SEO un outil tr\u00e8s pr\u00e9cieux. Cherchez des tutoriels et de guides afin d\u2019optimiser votre site web, ou pensez \u00e0 faire appel \u00e0 un professionnel pour le faire pour vous.<\/p>\n\n\n\n<p>Ces conseils vous aideront \u00e0 g\u00e9rer votre entreprise, de fa\u00e7on \u00e0 mettre toutes les chances de votre c\u00f4t\u00e9. Vous pourrez \u00e9galement \u00e9viter les erreurs que beaucoup d\u2019autres ont faites avant vous, et cela vous permettra de mettre toutes vos ressources disponibles dans une entreprise rentable et florissante.<\/p>\n","protected":false},"excerpt":{"rendered":"<p>G\u00e9rer une entreprise \u00e0 domicile a ses avantages, mais peut aussi avoir ses inconv\u00e9nients si l\u2019on n\u2019est pas assez inform\u00e9. Il serait une grossi\u00e8re erreur de vous lancer aveugl\u00e9ment et de risquer de faire des erreurs qui ont d\u00e9j\u00e0 \u00e9t\u00e9&#8230; <a href=\"https:\/\/creervotrebusiness.com\/index.php\/devenez-votre-propre-patron-8-trucs-et-astuces-pour-generer-du-profit-a-domicile\/\" class=\"readmore\">Read more<span class=\"screen-reader-text\">Devenez votre propre patron\u00a0: 8 trucs et astuces pour g\u00e9n\u00e9rer du profit \u00e0 domicile<\/span><span class=\"fa fa-angle-double-right\" aria-hidden=\"true\"><\/span><\/a><\/p>\n","protected":false},"author":1,"featured_media":0,"parent":0,"menu_order":0,"comment_status":"closed","ping_status":"closed","template":"","meta":{"om_disable_all_campaigns":false,"_monsterinsights_skip_tracking":false,"_monsterinsights_sitenote_active":false,"_monsterinsights_sitenote_note":"","_monsterinsights_sitenote_category":0,"footnotes":""},"class_list":["post-461","page","type-page","status-publish","hentry"],"_links":{"self":[{"href":"https:\/\/creervotrebusiness.com\/index.php\/wp-json\/wp\/v2\/pages\/461","targetHints":{"allow":["GET"]}}],"collection":[{"href":"https:\/\/creervotrebusiness.com\/index.php\/wp-json\/wp\/v2\/pages"}],"about":[{"href":"https:\/\/creervotrebusiness.com\/index.php\/wp-json\/wp\/v2\/types\/page"}],"author":[{"embeddable":true,"href":"https:\/\/creervotrebusiness.com\/index.php\/wp-json\/wp\/v2\/users\/1"}],"replies":[{"embeddable":true,"href":"https:\/\/creervotrebusiness.com\/index.php\/wp-json\/wp\/v2\/comments?post=461"}],"version-history":[{"count":1,"href":"https:\/\/creervotrebusiness.com\/index.php\/wp-json\/wp\/v2\/pages\/461\/revisions"}],"predecessor-version":[{"id":462,"href":"https:\/\/creervotrebusiness.com\/index.php\/wp-json\/wp\/v2\/pages\/461\/revisions\/462"}],"wp:attachment":[{"href":"https:\/\/creervotrebusiness.com\/index.php\/wp-json\/wp\/v2\/media?parent=461"}],"curies":[{"name":"wp","href":"https:\/\/api.w.org\/{rel}","templated":true}]}}