{"id":455,"date":"2023-02-22T18:11:03","date_gmt":"2023-02-22T18:11:03","guid":{"rendered":"https:\/\/creervotrebusiness.com\/?page_id=455"},"modified":"2023-02-22T18:11:03","modified_gmt":"2023-02-22T18:11:03","slug":"conseils-faciles-dutilisation-pour-une-entreprise-a-domicile-reussie","status":"publish","type":"page","link":"https:\/\/creervotrebusiness.com\/index.php\/conseils-faciles-dutilisation-pour-une-entreprise-a-domicile-reussie\/","title":{"rendered":"Conseils faciles d\u2019utilisation pour une entreprise \u00e0 domicile r\u00e9ussie."},"content":{"rendered":"\n<p><\/p>\n\n\n\n<p>Beaucoup de gens pensent que commencer une entreprise \u00e0 domicile est difficile, et que le revenu que l\u2019on peut r\u00e9aliser avec ces entreprises est instable et qu\u2019il devrait \u00eatre consid\u00e9r\u00e9 comme un emploi \u00e0 temps partiel plut\u00f4t qu\u2019\u00e0 temps plein. L\u2019article suivant vous aidera \u00e0 d\u00e9couvrir des fa\u00e7ons pour rendre votre entreprise \u00e0 domicile une affaire r\u00e9ussie.<\/p>\n\n\n\n<p><strong>1. Si vous avez besoin de passer du temps au volant pour le compte de votre entreprise, il est essentiel d\u2019enregistrer votre kilom\u00e9trage et de garder une trace de tous vos re\u00e7us. <\/strong>M\u00eame si vous faites une excursion d\u2019une journ\u00e9e seulement, sachez qu\u2019elle est 100 pour cent d\u00e9ductible. En revanche, il est crucial que vous ayez la preuve que ce d\u00e9placement \u00e9tait bien un d\u00e9placement n\u00e9cessaire.<\/p>\n\n\n\n<p><strong>2. Ne jamais h\u00e9siter \u00e0 faire tout son possible pour garder les clients heureux. <\/strong>Il y a plusieurs fa\u00e7ons de faire cela, y compris en leur envoyant des e-mails de remerciements, et en leur offrant des cadeaux bonus sur leurs commandes. Montrez-leur que vous appr\u00e9ciez leur fid\u00e9lit\u00e9. Les gens aiment les gratuit\u00e9s, et aiment aussi se sentir appr\u00e9ci\u00e9s. En donnant en retour \u00e0 vos clients, vous pouvez montrer \u00e0 ces derniers que vous appr\u00e9ciez leur engagement.<\/p>\n\n\n\n<p><strong>3. Commencer \u00e0 construire votre entreprise \u00e0 domicile pendant que vous \u00eates toujours employ\u00e9. <\/strong>Il peut prendre un certain temps pour mettre sur pied votre nouvelle entreprise et cela pourrait prendre encore plus longtemps pour pouvoir en tirer un revenu viable. Par cons\u00e9quent, il est une bonne id\u00e9e de conserver votre position actuelle jusqu\u2019\u00e0 ce que vous puissiez travailler sur les d\u00e9tails. Avoir de l\u2019argent \u00e0 disposition en attendant que votre nouvelle entreprise devienne rentable est toujours avantageux.<\/p>\n\n\n\n<p><strong>4. Abonnez-vous aux groupes d\u2019entreprises \u00e0 domicile et sur les forums en ligne. <\/strong>Cela peut \u00eatre un bon moyen pour rencontrer d\u2019autres entrepreneurs et pour vous donner l\u2019occasion de vous faire un nom dans le domaine. Un seul contact peut faire toute la diff\u00e9rence.<\/p>\n\n\n\n<p><strong>5. Vous devriez essayer de toujours \u00eatre au top de votre forme, m\u00eame lorsque vous travaillez \u00e0 domicile. <\/strong>Le travail \u00e0 domicile peut \u00eatre tr\u00e8s plaisant, mais peut aussi parfois \u00eatre d\u00e9primant si l\u2019on se trompe d\u2019approche. Prenez une douche et habillez-vous convenablement chaque matin et faites quelques exercices physiques. Ces conseils ne serviront pas seulement \u00e0 am\u00e9liorer votre fa\u00e7on de vous voir, mais vous permettront aussi d\u2019am\u00e9liorer la fa\u00e7on dont les autres vous voient&nbsp;!<\/p>\n\n\n\n<p><strong>6. Gardez une trace de ce que vous d\u00e9pensez et de ce que vous gagnez en ouvrant un compte distinct pour votre entreprise. <\/strong>Toutes les transactions li\u00e9es \u00e0 votre entreprise devraient \u00eatre effectu\u00e9es avec ce compte. Une fois que vous vous \u00eates organis\u00e9 de la sorte, vous aurez un moyen pratique d\u2019examiner les finances de votre entreprise, et ce \u00e0 tout moment. Vous devez \u00e9galement obtenir une carte de cr\u00e9dit distincte pour les transactions commerciales, telles que pour la commande de fournitures.<\/p>\n\n\n\n<p><strong>7. Les aptitudes artistiques peuvent \u00eatre employ\u00e9es pour le d\u00e9marrage d\u2019une entreprise de conception graphique. <\/strong>De nombreuses entreprises locales pr\u00e9f\u00e8rent travailler avec des entreprises ind\u00e9pendantes qu\u2019avec de plus grandes entreprises en raison de l\u2019attention individualis\u00e9e qu\u2019ils y re\u00e7oivent. Ceci est un domaine o\u00f9 vous avez un avantage sur les grandes entreprises.<\/p>\n\n\n\n<p><strong>8. Faites une recherche approfondie sur le march\u00e9 qui vous int\u00e9resse avant de cr\u00e9er votre entreprise \u00e0 domicile. <\/strong>Bien que vous puissiez \u00eatre bien vers\u00e9 dans vos produits et services, bien connaitre votre march\u00e9 et ses besoins vous aidera \u00e0 adopter la vision marketing ad\u00e9quate qui attirera les gens vers votre site. Vous devez appliquer cette vision aussi \u00e0 la fa\u00e7on dont vous construisez votre site Web.<\/p>\n\n\n\n<p>Il n\u2019est pas impossible d\u2019atteindre le succ\u00e8s lorsque l\u2019on a \u00e0 disposition les conseils n\u00e9cessaires. Comme dans tout autre domaine, la connaissance accompagn\u00e9e de la volont\u00e9 de r\u00e9ussir son entreprise \u00e0 domicile est un m\u00e9lange absolument indispensable pour atteindre ses objectifs. En suivant ces suggestions, vous assurerez le genre de revenu que vous voulez pour votre famille, et ce sans mettre le pied hors de la maison&nbsp;!<\/p>\n","protected":false},"excerpt":{"rendered":"<p>Beaucoup de gens pensent que commencer une entreprise \u00e0 domicile est difficile, et que le revenu que l\u2019on peut r\u00e9aliser avec ces entreprises est instable et qu\u2019il devrait \u00eatre consid\u00e9r\u00e9 comme un emploi \u00e0 temps partiel plut\u00f4t qu\u2019\u00e0 temps plein&#8230;. <a href=\"https:\/\/creervotrebusiness.com\/index.php\/conseils-faciles-dutilisation-pour-une-entreprise-a-domicile-reussie\/\" class=\"readmore\">Read more<span class=\"screen-reader-text\">Conseils faciles d\u2019utilisation pour une entreprise \u00e0 domicile r\u00e9ussie.<\/span><span class=\"fa fa-angle-double-right\" aria-hidden=\"true\"><\/span><\/a><\/p>\n","protected":false},"author":1,"featured_media":0,"parent":0,"menu_order":0,"comment_status":"closed","ping_status":"closed","template":"","meta":{"om_disable_all_campaigns":false,"_monsterinsights_skip_tracking":false,"_monsterinsights_sitenote_active":false,"_monsterinsights_sitenote_note":"","_monsterinsights_sitenote_category":0,"footnotes":""},"class_list":["post-455","page","type-page","status-publish","hentry"],"_links":{"self":[{"href":"https:\/\/creervotrebusiness.com\/index.php\/wp-json\/wp\/v2\/pages\/455","targetHints":{"allow":["GET"]}}],"collection":[{"href":"https:\/\/creervotrebusiness.com\/index.php\/wp-json\/wp\/v2\/pages"}],"about":[{"href":"https:\/\/creervotrebusiness.com\/index.php\/wp-json\/wp\/v2\/types\/page"}],"author":[{"embeddable":true,"href":"https:\/\/creervotrebusiness.com\/index.php\/wp-json\/wp\/v2\/users\/1"}],"replies":[{"embeddable":true,"href":"https:\/\/creervotrebusiness.com\/index.php\/wp-json\/wp\/v2\/comments?post=455"}],"version-history":[{"count":1,"href":"https:\/\/creervotrebusiness.com\/index.php\/wp-json\/wp\/v2\/pages\/455\/revisions"}],"predecessor-version":[{"id":456,"href":"https:\/\/creervotrebusiness.com\/index.php\/wp-json\/wp\/v2\/pages\/455\/revisions\/456"}],"wp:attachment":[{"href":"https:\/\/creervotrebusiness.com\/index.php\/wp-json\/wp\/v2\/media?parent=455"}],"curies":[{"name":"wp","href":"https:\/\/api.w.org\/{rel}","templated":true}]}}