{"id":314,"date":"2022-11-17T13:04:57","date_gmt":"2022-11-17T13:04:57","guid":{"rendered":"https:\/\/creervotrebusiness.com\/?page_id=314"},"modified":"2022-11-17T20:51:33","modified_gmt":"2022-11-17T20:51:33","slug":"observez-votre-entreprise-a-domicile-prendre-de-lampleur-grace-a-ces-conseils","status":"publish","type":"page","link":"https:\/\/creervotrebusiness.com\/index.php\/observez-votre-entreprise-a-domicile-prendre-de-lampleur-grace-a-ces-conseils\/","title":{"rendered":"Observez votre entreprise \u00e0 domicile prendre de l\u2019ampleur gr\u00e2ce \u00e0 ces conseils."},"content":{"rendered":"\n<p><br>G\u00e9rer une entreprise \u00e0 partir de votre maison peut \u00eatre \u00e0 la fois une b\u00e9n\u00e9diction et une<br>mal\u00e9diction ! Vous devez \u00eatre pr\u00eat \u00e0 mobiliser beaucoup d\u2019efforts pour r\u00e9ussir \u00e0 mettre<br>sur les rails votre entreprise \u00e0 domicile. \u00c9ventuellement, votre entreprise sera en mesure<br>de tourner par elle-m\u00eame, mais pour que cela devienne r\u00e9alit\u00e9 vous devez travailler dur,<br>tr\u00e8s dur. Tout comme toute autre entreprise d\u2019ailleurs, il vous faut faire beaucoup<br>d\u2019efforts pour que les choses jouent en votre faveur.<\/p>\n\n\n\n<ol class=\"wp-block-list\"><li>N\u2019oubliez pas de profiter des d\u00e9ductions fiscales pour votre usage d\u2019Internet.<br>Vous pouvez d\u00e9duire les co\u00fbts de l\u2019Internet, mais si vous l\u2019utilisez aussi en dehors du<br>cadre professionnel, vous ne pouvez pas demander plus de 50 % de r\u00e9duction.<br>Renseignez-vous.<\/li><li>Les d\u00e9placements peuvent, eux aussi, \u00eatre d\u00e9duits s\u2019ils sont effectu\u00e9s pour le<br>compte de votre entreprise. Alors que vous pouvez m\u00eame prendre en compte les<br>d\u00e9placements pour aller au magasin et acheter des fournitures, vous devez \u00eatre en<br>mesure de prouver que le trajet a \u00e9t\u00e9 n\u00e9cessaire pour votre entreprise.<\/li><li>Toujours se d\u00e9mener pour rendre les clients heureux. Glissez un petit quelque<br>chose avec leurs commandes, ou \u00e9crivez-leur un mot de remerciement. Ceci est un<br>excellent moyen pour leur faire savoir que vous \u00eates reconnaissants pour leur confiance.<br>Si vous fournissez des incitations et des cadeaux \u00e0 vos clients, ils vont certainement<br>l\u2019adorer. En somme, prouver que vos clients sont importants pour vous.<\/li><li>Pensez \u00e0 ajouter des liens sur la page d\u2019accueil de votre site web qui<br>renvoient vers d\u2019autres sites avec lesquels vous collaborez. Vous pouvez \u00e9changer<br>des liens ou des graphiques avec d\u2019autres sites qui ont un contenu similaire au v\u00f4tre.<br>Ceci est une fa\u00e7on rapide et est assez simple d\u2019augmenter votre classement sur les<br>moteurs de recherche.<\/li><li>S\u00e9lectionnez un nom d\u2019entreprise avec une certaine signification personnelle.<br>En outre, acheter un nom de domaine pour votre entreprise, m\u00eame si vous n\u2019avez pas<br>pr\u00e9vu encore de site. Le co\u00fbt d\u2019un nom de domaine est g\u00e9n\u00e9ralement assez faible, et<br>vous vous devez l\u2019acheter avant que quelqu\u2019un d\u2019autre n\u2019ait la m\u00eame id\u00e9e. Dans un<br>premier temps, utiliser un site d\u2019une page qui donne les informations essentielles de<br>votre entreprise.<\/li><li>Passez sous la loupe votre march\u00e9 cible avant de d\u00e9marrer votre entreprise \u00e0<br>domicile. Bien que vous pouvez \u00eatre bien vers\u00e9 dans vos produits et services, savoir o\u00f9<br>se trouve votre march\u00e9 et o\u00f9 se situent ses besoins, vous aidera \u00e0 cr\u00e9er le plan de<br>ventes optimal, ce qui am\u00e8nera les client vers vous. Si vous optez pour un site Web,<br>analysez comment votre public cible interagit avec les options en ligne, et concevez le<br>site en prenant en consid\u00e9ration les informations que vous avez collect\u00e9.<\/li><li>Am\u00e9nagez dans votre r\u00e9sidence un espace qui sera votre zone de travail. Vous<br>aurez besoin d\u2019un peu d\u2019espace pour organiser tous vos documents. Cela fera en sorte<br>que tout ce que vous faites soit organis\u00e9, ce qui est important pour le succ\u00e8s de<br>l\u2019entreprise.<\/li><li>D\u00e9posez vos paiements aussit\u00f4t en mains. Faites des d\u00e9p\u00f4ts quotidiens. Si vous<br>ne d\u00e9posez pas un ch\u00e8que tout de suite, il pourrait se perdre. Ne comptez pas sur les<br>guichets automatiques pour vos d\u00e9p\u00f4ts. Mettre votre argent directement dans les mains<br>d\u2019un caissier fera en sorte qu\u2019il y ait moins de chances d\u2019erreurs.<br>S\u2019il \u00e0 moment il vous semble que vous verser une tonne de temps dans votre entreprise<br>sans voir de r\u00e9compenses, dites vous que c\u2019est le cas de toutes les autres entreprises qui<br>commencent. Devenir riche du jour au lendemain ne peut pas vraiment se produire, sauf<br>pour les gagnants de loteries. Si vous travaillez dur et bien, votre entreprise sera<br>susceptible de r\u00e9sister \u00e0 l\u2019\u00e9preuve du temps.<\/li><\/ol>\n\n\n\n<div class=\"wp-block-columns is-layout-flex wp-container-core-columns-is-layout-1 wp-block-columns-is-layout-flex\">\n<div class=\"wp-block-column is-layout-flow wp-block-column-is-layout-flow\"><\/div>\n\n\n\n<div class=\"wp-block-column is-layout-flow wp-block-column-is-layout-flow\">\n<ul class=\"has-small-font-size wp-block-list\"><li><a href=\"https:\/\/creervotrebusiness.com\/index.php\/7-conseils-pour-gerer-efficacement-votre-entreprise-a-domicile\/\">7 conseils pour g\u00e9rer efficacement votre entreprise \u00e0 domicile.<\/a><\/li><li><a href=\"https:\/\/creervotrebusiness.com\/index.php\/8-astuces-que-vous-devez-connaitre-pour-gerer-efficacement-votre-petite-entreprise-a-domicile\/\">8 Astuces que vous devez connaitre pour g\u00e9rer efficacement votre petite entreprise \u00e0 domicile !<\/a><\/li><li><a href=\"https:\/\/creervotrebusiness.com\/index.php\/8-conseils-de-qualite-pour-faire-progresser-votre-entreprise-a-domicile\/\">8 Conseils de qualit\u00e9 pour faire progresser votre entreprise \u00e0 domicile<\/a><\/li><li><a href=\"https:\/\/creervotrebusiness.com\/index.php\/8-conseils-pour-reussir-rapidement-le-lancement-de-son-entreprise-a-domicile\/\">8 conseils pour r\u00e9ussir rapidement le lancement de son entreprise \u00e0 domicile<\/a><\/li><li><a href=\"https:\/\/creervotrebusiness.com\/index.php\/8-conseils-pour-reussir-votre-projet-dentreprise-a-domicile\/\">8 Conseils pour r\u00e9ussir votre projet d\u2019entreprise \u00e0 domicile<\/a><\/li><li><a href=\"https:\/\/creervotrebusiness.com\/index.php\/9-conseils-dexperts-sur-les-entreprises-a-domicile-peu-connus-de-la-masse\/\">9 Conseils d\u2019experts sur les entreprises \u00e0 domicile peu connus de la masse.<\/a><\/li><li><a href=\"https:\/\/creervotrebusiness.com\/index.php\/9-precieux-conseils-pour-les-proprietaires-dentreprise-a-domicile\/\">9 pr\u00e9cieux conseils pour les propri\u00e9taires d\u2019entreprise \u00e0 domicile.<\/a><\/li><li><a href=\"https:\/\/creervotrebusiness.com\/index.php\/appliquez-ces-conseils-pour-votre-entreprise-a-domicile\/\">Appliquez ces conseils pour votre entreprise \u00e0 domicile<\/a><\/li><li><a href=\"https:\/\/creervotrebusiness.com\/index.php\/apprenez-comment-atteindre-le-succes-avec-votre-entreprise-a-domicile\/\">Apprenez comment atteindre le succ\u00e8s avec votre entreprise \u00e0 domicile.<\/a><\/li><li><a href=\"https:\/\/creervotrebusiness.com\/index.php\/apprenez-comment-mieux-gerer-votre-entreprise-a-domicile\/\">Apprenez comment mieux g\u00e9rer votre entreprise \u00e0 domicile<\/a><\/li><li><a href=\"https:\/\/creervotrebusiness.com\/index.php\/batir-une-entreprise-a-domicile-efficace-et-efficiente-avec-ces-excellents-conseils\/\">B\u00e2tir une entreprise \u00e0 domicile efficace et efficiente avec ces excellents conseil<\/a>s<\/li><li><a href=\"https:\/\/creervotrebusiness.com\/index.php\/ce-que-vous-devez-savoir-au-sujet-des-entreprises-a-domicile\/\">Ce que vous devez savoir au sujet des entreprises \u00e0 domicile.<\/a><\/li><li><a href=\"https:\/\/creervotrebusiness.com\/index.php\/comment-faire-pour-creer-une-entreprise-a-domicile-prospere\/\">Comment faire pour cr\u00e9er une entreprise \u00e0 domicile prosp\u00e8re.<\/a><\/li><li><a href=\"https:\/\/creervotrebusiness.com\/index.php\/du-reve-a-la-realite-9-conseils-pratiques-pour-reussir-son-entreprise-a-domicile\/\">Du r\u00eave \u00e0 la r\u00e9alit\u00e9 : 9 Conseils pratiques pour r\u00e9ussir son entreprise \u00e0 domicile.<\/a><\/li><li><a href=\"https:\/\/creervotrebusiness.com\/index.php\/essayez-ces-conseils-pour-une-entreprise-a-domicile-reussie\/\">Essayez ces conseils pour une entreprise \u00e0 domicile r\u00e9ussie.<\/a><\/li><li><a href=\"https:\/\/creervotrebusiness.com\/index.php\/etes-vous-la-recherche-dinformations-sur-lentrepreneuriat-a-domicile-alors-lisez-ces-precieux-conseils\/\">\u00cates-vous la recherche d\u2019informations sur l\u2019entrepreneuriat \u00e0 domicile ? Alors, lisez ces pr\u00e9cieux conseils !<\/a><\/li><li><a href=\"https:\/\/creervotrebusiness.com\/index.php\/gagner-de-largent-sans-mettre-un-pied-a-lexterieur-8-conseils-pour-reussir-son-entreprise-a-domicile\/\">Gagner de l\u2019argent sans mettre un pied \u00e0 l\u2019ext\u00e9rieur : 8 Conseils pour r\u00e9ussir son entreprise \u00e0 domicile<\/a><\/li><li><a href=\"https:\/\/creervotrebusiness.com\/index.php\/gerer-son-entreprise-a-domicile\/\">G\u00e9rer son entreprise \u00e0 Domicile<\/a><\/li><li><a href=\"https:\/\/creervotrebusiness.com\/index.php\/gerer-une-grande-entreprise-a-partir-de-chez-soi\/\">G\u00e9rer une grande entreprise \u00e0 partir de chez soi<\/a><\/li><li><a href=\"https:\/\/creervotrebusiness.com\/index.php\/laissez-votre-entreprise-a-domicile-prendre-son-essor\/\">Laissez votre entreprise \u00e0 domicile prendre son essor<\/a><\/li><li><a href=\"https:\/\/creervotrebusiness.com\/index.php\/les-principes-de-base-dans-la-gestion-dune-entreprise-a-domicile-reussie\/\">Les principes de base dans la gestion d\u2019une entreprise \u00e0 domicile r\u00e9ussie.<\/a><\/li><li><a href=\"https:\/\/creervotrebusiness.com\/index.php\/lisez-ceci-pour-avoir-dexcellents-conseils-au-sujet-des-entreprises-a-domicile\/\">Lisez ceci pour avoir d\u2019excellents conseils au sujet des entreprises \u00e0 domicile<\/a><\/li><li><a href=\"https:\/\/creervotrebusiness.com\/index.php\/observez-votre-entreprise-a-domicile-prendre-de-lampleur-grace-a-ces-conseils\/\">Observez votre entreprise \u00e0 domicile prendre de l\u2019ampleur gr\u00e2ce \u00e0 ces conseils.<\/a><\/li><li><a href=\"https:\/\/creervotrebusiness.com\/index.php\/realisez-ce-que-vous-voulez-8-conseils-pour-que-votre-projet-dentreprise-a-domicile-marche\/\">R\u00e9alisez ce que vous voulez : 8 Conseils pour que votre projet d\u2019entreprise \u00e0 domicile marche.<\/a><\/li><\/ul>\n<\/div>\n<\/div>\n","protected":false},"excerpt":{"rendered":"<p>G\u00e9rer une entreprise \u00e0 partir de votre maison peut \u00eatre \u00e0 la fois une b\u00e9n\u00e9diction et unemal\u00e9diction ! Vous devez \u00eatre pr\u00eat \u00e0 mobiliser beaucoup d\u2019efforts pour r\u00e9ussir \u00e0 mettresur les rails votre entreprise \u00e0 domicile. \u00c9ventuellement, votre entreprise sera&#8230; <a href=\"https:\/\/creervotrebusiness.com\/index.php\/observez-votre-entreprise-a-domicile-prendre-de-lampleur-grace-a-ces-conseils\/\" class=\"readmore\">Read more<span class=\"screen-reader-text\">Observez votre entreprise \u00e0 domicile prendre de l\u2019ampleur gr\u00e2ce \u00e0 ces conseils.<\/span><span class=\"fa fa-angle-double-right\" aria-hidden=\"true\"><\/span><\/a><\/p>\n","protected":false},"author":1,"featured_media":0,"parent":0,"menu_order":0,"comment_status":"closed","ping_status":"closed","template":"","meta":{"om_disable_all_campaigns":false,"_monsterinsights_skip_tracking":false,"_monsterinsights_sitenote_active":false,"_monsterinsights_sitenote_note":"","_monsterinsights_sitenote_category":0,"footnotes":""},"class_list":["post-314","page","type-page","status-publish","hentry"],"_links":{"self":[{"href":"https:\/\/creervotrebusiness.com\/index.php\/wp-json\/wp\/v2\/pages\/314","targetHints":{"allow":["GET"]}}],"collection":[{"href":"https:\/\/creervotrebusiness.com\/index.php\/wp-json\/wp\/v2\/pages"}],"about":[{"href":"https:\/\/creervotrebusiness.com\/index.php\/wp-json\/wp\/v2\/types\/page"}],"author":[{"embeddable":true,"href":"https:\/\/creervotrebusiness.com\/index.php\/wp-json\/wp\/v2\/users\/1"}],"replies":[{"embeddable":true,"href":"https:\/\/creervotrebusiness.com\/index.php\/wp-json\/wp\/v2\/comments?post=314"}],"version-history":[{"count":2,"href":"https:\/\/creervotrebusiness.com\/index.php\/wp-json\/wp\/v2\/pages\/314\/revisions"}],"predecessor-version":[{"id":343,"href":"https:\/\/creervotrebusiness.com\/index.php\/wp-json\/wp\/v2\/pages\/314\/revisions\/343"}],"wp:attachment":[{"href":"https:\/\/creervotrebusiness.com\/index.php\/wp-json\/wp\/v2\/media?parent=314"}],"curies":[{"name":"wp","href":"https:\/\/api.w.org\/{rel}","templated":true}]}}