{"id":310,"date":"2022-11-17T13:03:16","date_gmt":"2022-11-17T13:03:16","guid":{"rendered":"https:\/\/creervotrebusiness.com\/?page_id=310"},"modified":"2022-11-17T20:53:02","modified_gmt":"2022-11-17T20:53:02","slug":"les-principes-de-base-dans-la-gestion-dune-entreprise-a-domicile-reussie","status":"publish","type":"page","link":"https:\/\/creervotrebusiness.com\/index.php\/les-principes-de-base-dans-la-gestion-dune-entreprise-a-domicile-reussie\/","title":{"rendered":"Les principes de base dans la gestion d\u2019une entreprise \u00e0 domicile r\u00e9ussie."},"content":{"rendered":"\n<p><br>L\u2019ex\u00e9cution de votre propre entreprise \u00e0 domicile est tr\u00e8s attrayante, mais elle peut aussi<br>\u00eatre assez intimidante. Une des choses les plus importantes est de savoir par o\u00f9<br>commencer. Comment peut-on la faire fonctionner ? Vous avez probablement beaucoup<br>de questions. Cet article est destin\u00e9 \u00e0 vous donner quelques-unes des r\u00e9ponses pour<br>vous mettre sur le chemin de l\u2019ex\u00e9cution de votre propre entreprise \u00e0 domicile.<\/p>\n\n\n\n<ol class=\"wp-block-list\"><li>Il est important d\u2019avoir un plan au cas o\u00f9 votre entreprise \u00e0 domicile a des<br>probl\u00e8mes. Vous devez toujours pr\u00e9voir un plan secondaire que vous pouvez mettre en<br>action dans le cas d\u2019une catastrophe. Lorsque vous planifiez pour ce genre de choses,<br>vous pouvez \u00eatre s\u00fbr que votre entreprise continuera \u00e0 enregistrer des b\u00e9n\u00e9fices.<\/li><li>Ne l\u00e9sinez pas sur les moyens quand il vient \u00e0 plaire \u00e0 vos clients. Des choses<br>simples comme des notes de remerciement ou des articles freebis montreront \u00e0 vos<br>clients que vous appr\u00e9ciez leur confiance et vous permettra en m\u00eame temps de g\u00e9n\u00e9rer<br>des ventes de r\u00e9p\u00e9tition. Deux choses que les clients aiment sont la gratitude et les<br>cadeaux. Faites-leur savoir que vous \u00eates reconnaissants pour leur engagement.<\/li><li>Trouver des ressources en ligne, comme un forum ou un groupe de<br>discussion. Faites vos recherches pour savoir quels sont les sites les plus r\u00e9put\u00e9s. Il y a<br>aussi une vari\u00e9t\u00e9 de blogs que vous pouvez consulter pour plus de conseils.<\/li><li>Vous pouvez d\u00e9marrer une entreprise \u00e0 domicile en offrant des le\u00e7ons aux<br>personnes int\u00e9ress\u00e9es. Beaucoup de gens pensent que les le\u00e7ons priv\u00e9es sont mieux<br>qu\u2019une \u00e9cole standard parce que les horaires ne sont pas aussi rigides. Enseigner une<br>comp\u00e9tence que vous maitrisez, telle que la musique si toutefois vous vous y connaissez,<br>est une grande id\u00e9e pour une entreprise \u00e0 domicile.<\/li><li>Obtenir une adresse de bo\u00eete postale pour toute correspondance d\u2019affaires.<br>Ne faites pas de votre adresse domiciliaire votre adresse postale lorsque vous postez vos<br>annonces en ligne. Cela aidera \u00e0 prot\u00e9ger votre identit\u00e9 et celle de votre famille.<br>Envoyez une annonce de l\u2019e-mail \u00e0 vos proches et coll\u00e8gues lorsque vous d\u00e9marrez votre<br>entreprise \u00e0 domicile. Offrez un incitatif pour aider votre entreprise \u00e0 obtenir hors de la<br>terre. En outre, vous aurez envie de leur dire de faire passer le mot. Parole de la publicit\u00e9<br>bouche peut \u00eatre extr\u00eamement efficace.<\/li><li>Participer \u00e0 des forums sur le net qui sont li\u00e9s \u00e0 votre niche. Vous pouvez vous<br>mettre en r\u00e9seau avec des professionnels, mais aussi d\u2019utiliser ces moyens comme une<br>autre fa\u00e7on de commercialiser et de promouvoir vos produits. Il est impossible de savoir<br>ce qu\u2019un nouveau contact peut vous apporter en termes de ventes.<\/li><li>Les banni\u00e8res peuvent \u00eatre un outil pr\u00e9cieux pour le site Web de votre<br>entreprise. Cette page vous donnera la possibilit\u00e9 d\u2019\u00e9changer des liens de banni\u00e8res et<br>des annonces similaires avec des sites affili\u00e9s. Cette m\u00e9thode est excellente pour<br>augmenter vos classements sur les moteurs de recherche, ce qui permettra aux gens de<br>localiser facilement votre page et ainsi votre produit.<\/li><li>Faites une recherche sur la fourchette de prix propos\u00e9e sur le march\u00e9 pour<br>des produits similaires aux v\u00f4tres avant de commencer \u00e0 essayer de vendre.<br>Essayez de garder vos prix un peu plus bas que la concurrence. Lorsque vous essayez de<br>faire une vente, \u00e9viter de rabaisser la concurrence en parlant mal de cette derni\u00e8re, et<br>mettez plut\u00f4t l\u2019accent sur les avantages de votre propre produit ou service \u00e0 la place.<br>Comme il a \u00e9t\u00e9 mentionn\u00e9 plus haut dans cet article, une entreprise \u00e0 domicile peut \u00eatre<br>une id\u00e9e s\u00e9duisante et intimidante \u00e0 la fois. Nous esp\u00e9rons que vous avez pu tirer<br>quelques bonnes informations de cet article. Mettez ces conseils en action, et attendez de<br>voir les choses se d\u00e9velopper en faveur de votre entreprise \u00e0 domicile.<\/li><\/ol>\n\n\n\n<div class=\"wp-block-columns is-layout-flex wp-container-core-columns-is-layout-1 wp-block-columns-is-layout-flex\">\n<div class=\"wp-block-column is-layout-flow wp-block-column-is-layout-flow\"><\/div>\n\n\n\n<div class=\"wp-block-column is-layout-flow wp-block-column-is-layout-flow\">\n<ul class=\"has-small-font-size wp-block-list\"><li><a href=\"https:\/\/creervotrebusiness.com\/index.php\/7-conseils-pour-gerer-efficacement-votre-entreprise-a-domicile\/\">7 conseils pour g\u00e9rer efficacement votre entreprise \u00e0 domicile.<\/a><\/li><li><a href=\"https:\/\/creervotrebusiness.com\/index.php\/8-astuces-que-vous-devez-connaitre-pour-gerer-efficacement-votre-petite-entreprise-a-domicile\/\">8 Astuces que vous devez connaitre pour g\u00e9rer efficacement votre petite entreprise \u00e0 domicile !<\/a><\/li><li><a href=\"https:\/\/creervotrebusiness.com\/index.php\/8-conseils-de-qualite-pour-faire-progresser-votre-entreprise-a-domicile\/\">8 Conseils de qualit\u00e9 pour faire progresser votre entreprise \u00e0 domicile<\/a><\/li><li><a href=\"https:\/\/creervotrebusiness.com\/index.php\/8-conseils-pour-reussir-rapidement-le-lancement-de-son-entreprise-a-domicile\/\">8 conseils pour r\u00e9ussir rapidement le lancement de son entreprise \u00e0 domicile<\/a><\/li><li><a href=\"https:\/\/creervotrebusiness.com\/index.php\/8-conseils-pour-reussir-votre-projet-dentreprise-a-domicile\/\">8 Conseils pour r\u00e9ussir votre projet d\u2019entreprise \u00e0 domicile<\/a><\/li><li><a href=\"https:\/\/creervotrebusiness.com\/index.php\/9-conseils-dexperts-sur-les-entreprises-a-domicile-peu-connus-de-la-masse\/\">9 Conseils d\u2019experts sur les entreprises \u00e0 domicile peu connus de la masse.<\/a><\/li><li><a href=\"https:\/\/creervotrebusiness.com\/index.php\/9-precieux-conseils-pour-les-proprietaires-dentreprise-a-domicile\/\">9 pr\u00e9cieux conseils pour les propri\u00e9taires d\u2019entreprise \u00e0 domicile.<\/a><\/li><li><a href=\"https:\/\/creervotrebusiness.com\/index.php\/appliquez-ces-conseils-pour-votre-entreprise-a-domicile\/\">Appliquez ces conseils pour votre entreprise \u00e0 domicile<\/a><\/li><li><a href=\"https:\/\/creervotrebusiness.com\/index.php\/apprenez-comment-atteindre-le-succes-avec-votre-entreprise-a-domicile\/\">Apprenez comment atteindre le succ\u00e8s avec votre entreprise \u00e0 domicile.<\/a><\/li><li><a href=\"https:\/\/creervotrebusiness.com\/index.php\/apprenez-comment-mieux-gerer-votre-entreprise-a-domicile\/\">Apprenez comment mieux g\u00e9rer votre entreprise \u00e0 domicile<\/a><\/li><li><a href=\"https:\/\/creervotrebusiness.com\/index.php\/batir-une-entreprise-a-domicile-efficace-et-efficiente-avec-ces-excellents-conseils\/\">B\u00e2tir une entreprise \u00e0 domicile efficace et efficiente avec ces excellents conseil<\/a>s<\/li><li><a href=\"https:\/\/creervotrebusiness.com\/index.php\/ce-que-vous-devez-savoir-au-sujet-des-entreprises-a-domicile\/\">Ce que vous devez savoir au sujet des entreprises \u00e0 domicile.<\/a><\/li><li><a href=\"https:\/\/creervotrebusiness.com\/index.php\/comment-faire-pour-creer-une-entreprise-a-domicile-prospere\/\">Comment faire pour cr\u00e9er une entreprise \u00e0 domicile prosp\u00e8re.<\/a><\/li><li><a href=\"https:\/\/creervotrebusiness.com\/index.php\/du-reve-a-la-realite-9-conseils-pratiques-pour-reussir-son-entreprise-a-domicile\/\">Du r\u00eave \u00e0 la r\u00e9alit\u00e9 : 9 Conseils pratiques pour r\u00e9ussir son entreprise \u00e0 domicile.<\/a><\/li><li><a href=\"https:\/\/creervotrebusiness.com\/index.php\/essayez-ces-conseils-pour-une-entreprise-a-domicile-reussie\/\">Essayez ces conseils pour une entreprise \u00e0 domicile r\u00e9ussie.<\/a><\/li><li><a href=\"https:\/\/creervotrebusiness.com\/index.php\/etes-vous-la-recherche-dinformations-sur-lentrepreneuriat-a-domicile-alors-lisez-ces-precieux-conseils\/\">\u00cates-vous la recherche d\u2019informations sur l\u2019entrepreneuriat \u00e0 domicile ? Alors, lisez ces pr\u00e9cieux conseils !<\/a><\/li><li><a href=\"https:\/\/creervotrebusiness.com\/index.php\/gagner-de-largent-sans-mettre-un-pied-a-lexterieur-8-conseils-pour-reussir-son-entreprise-a-domicile\/\">Gagner de l\u2019argent sans mettre un pied \u00e0 l\u2019ext\u00e9rieur : 8 Conseils pour r\u00e9ussir son entreprise \u00e0 domicile<\/a><\/li><li><a href=\"https:\/\/creervotrebusiness.com\/index.php\/gerer-son-entreprise-a-domicile\/\">G\u00e9rer son entreprise \u00e0 Domicile<\/a><\/li><li><a href=\"https:\/\/creervotrebusiness.com\/index.php\/gerer-une-grande-entreprise-a-partir-de-chez-soi\/\">G\u00e9rer une grande entreprise \u00e0 partir de chez soi<\/a><\/li><li><a href=\"https:\/\/creervotrebusiness.com\/index.php\/laissez-votre-entreprise-a-domicile-prendre-son-essor\/\">Laissez votre entreprise \u00e0 domicile prendre son essor<\/a><\/li><li><a href=\"https:\/\/creervotrebusiness.com\/index.php\/les-principes-de-base-dans-la-gestion-dune-entreprise-a-domicile-reussie\/\">Les principes de base dans la gestion d\u2019une entreprise \u00e0 domicile r\u00e9ussie.<\/a><\/li><li><a href=\"https:\/\/creervotrebusiness.com\/index.php\/lisez-ceci-pour-avoir-dexcellents-conseils-au-sujet-des-entreprises-a-domicile\/\">Lisez ceci pour avoir d\u2019excellents conseils au sujet des entreprises \u00e0 domicile<\/a><\/li><li><a href=\"https:\/\/creervotrebusiness.com\/index.php\/observez-votre-entreprise-a-domicile-prendre-de-lampleur-grace-a-ces-conseils\/\">Observez votre entreprise \u00e0 domicile prendre de l\u2019ampleur gr\u00e2ce \u00e0 ces conseils.<\/a><\/li><li><a href=\"https:\/\/creervotrebusiness.com\/index.php\/realisez-ce-que-vous-voulez-8-conseils-pour-que-votre-projet-dentreprise-a-domicile-marche\/\">R\u00e9alisez ce que vous voulez : 8 Conseils pour que votre projet d\u2019entreprise \u00e0 domicile marche.<\/a><\/li><\/ul>\n<\/div>\n<\/div>\n","protected":false},"excerpt":{"rendered":"<p>L\u2019ex\u00e9cution de votre propre entreprise \u00e0 domicile est tr\u00e8s attrayante, mais elle peut aussi\u00eatre assez intimidante. Une des choses les plus importantes est de savoir par o\u00f9commencer. Comment peut-on la faire fonctionner ? Vous avez probablement beaucoupde questions. Cet article&#8230; <a href=\"https:\/\/creervotrebusiness.com\/index.php\/les-principes-de-base-dans-la-gestion-dune-entreprise-a-domicile-reussie\/\" class=\"readmore\">Read more<span class=\"screen-reader-text\">Les principes de base dans la gestion d\u2019une entreprise \u00e0 domicile r\u00e9ussie.<\/span><span class=\"fa fa-angle-double-right\" aria-hidden=\"true\"><\/span><\/a><\/p>\n","protected":false},"author":1,"featured_media":0,"parent":0,"menu_order":0,"comment_status":"closed","ping_status":"closed","template":"","meta":{"om_disable_all_campaigns":false,"_monsterinsights_skip_tracking":false,"_monsterinsights_sitenote_active":false,"_monsterinsights_sitenote_note":"","_monsterinsights_sitenote_category":0,"footnotes":""},"class_list":["post-310","page","type-page","status-publish","hentry"],"_links":{"self":[{"href":"https:\/\/creervotrebusiness.com\/index.php\/wp-json\/wp\/v2\/pages\/310","targetHints":{"allow":["GET"]}}],"collection":[{"href":"https:\/\/creervotrebusiness.com\/index.php\/wp-json\/wp\/v2\/pages"}],"about":[{"href":"https:\/\/creervotrebusiness.com\/index.php\/wp-json\/wp\/v2\/types\/page"}],"author":[{"embeddable":true,"href":"https:\/\/creervotrebusiness.com\/index.php\/wp-json\/wp\/v2\/users\/1"}],"replies":[{"embeddable":true,"href":"https:\/\/creervotrebusiness.com\/index.php\/wp-json\/wp\/v2\/comments?post=310"}],"version-history":[{"count":2,"href":"https:\/\/creervotrebusiness.com\/index.php\/wp-json\/wp\/v2\/pages\/310\/revisions"}],"predecessor-version":[{"id":345,"href":"https:\/\/creervotrebusiness.com\/index.php\/wp-json\/wp\/v2\/pages\/310\/revisions\/345"}],"wp:attachment":[{"href":"https:\/\/creervotrebusiness.com\/index.php\/wp-json\/wp\/v2\/media?parent=310"}],"curies":[{"name":"wp","href":"https:\/\/api.w.org\/{rel}","templated":true}]}}