{"id":306,"date":"2022-11-17T13:01:32","date_gmt":"2022-11-17T13:01:32","guid":{"rendered":"https:\/\/creervotrebusiness.com\/?page_id=306"},"modified":"2022-11-17T20:54:01","modified_gmt":"2022-11-17T20:54:01","slug":"gerer-une-grande-entreprise-a-partir-de-chez-soi","status":"publish","type":"page","link":"https:\/\/creervotrebusiness.com\/index.php\/gerer-une-grande-entreprise-a-partir-de-chez-soi\/","title":{"rendered":"G\u00e9rer une grande entreprise \u00e0 partir de chez soi"},"content":{"rendered":"\n<p><br>Vous devez savoir qu\u2019il y a une multitude de grandes opportunit\u00e9s en mati\u00e8re<br>d\u2019entreprise \u00e0 domicile. La possibilit\u00e9 d\u2019\u00eatre son propre patron et de travailler \u00e0 des<br>horaires que l\u2019on d\u00e9termine soi-m\u00eame est tr\u00e8s attrayante pour la plupart des gens. Les<br>conseils prodigu\u00e9s dans cet article peuvent vous aider \u00e0 prendre votre id\u00e9e et \u00e0 en faire<br>une activit\u00e9 concr\u00e8te.<\/p>\n\n\n\n<ol class=\"wp-block-list\"><li>Si vous avez besoin d\u2019inviter vos clients pour des diners d\u2019affaires, assurezvous que vous d\u00e9duisez le co\u00fbt de ces r\u00e9unions lorsque vient le temps de payer<br>les imp\u00f4ts. Dans ces cas, ces r\u00e9unions sont des d\u00e9penses d\u2019affaires l\u00e9gitimes. Soyez,<br>toutefois, tr\u00e8s prudent avec ces \u00e9v\u00e8nements. De telles r\u00e9unions doivent se faire avec les<br>clients actuels de l\u2019entreprise ou bien avec des clients potentiels, sinon les repas et les<br>divertissements ne seront pas consid\u00e9r\u00e9s comme des d\u00e9penses d\u00e9ductibles d\u2019imp\u00f4t.<\/li><li>Vous devez \u00eatre en mesure de parler de votre plan d\u2019affaires et de vos<br>objectifs en quelques phrases seulement. Lorsque vous \u00eates capable de pr\u00e9senter<br>votre entreprise en quelques phrases, vous pouvez alors impressionner vos clients ou les<br>clients potentiels. Cela vous aidera, par ailleurs, \u00e0 imaginer un slogan qui exprime votre<br>entreprise et son objectif principal.<\/li><li>Vous devez toujours savoir combien vous d\u00e9pensez pour faire les produits<br>que vous vendez, de sorte \u00e0 ne pas perdre de l\u2019argent. En g\u00e9n\u00e9ral, la marge de<br>base quand vous vendez au gros serait deux fois le prix de votre co\u00fbt de production.<br>Pour ce qui est du prix de d\u00e9tail, la marge est deux fois le prix de gros. Faites un juste<br>prix qui vous satisfera vous ainsi que vos clients.<\/li><li>Vous devez vous assurer de suivre au pied de la lettre toutes les lois dans<br>votre r\u00e9gion. Les voisins pourraient se plaindre si les niveaux de bruit sont trop \u00e9lev\u00e9s.<br>Si vous utilisez des produits chimiques pour votre entreprise, assurez-vous d\u2019\u00eatre de<br>respecter les r\u00e8gles de s\u00e9curit\u00e9. Faites profil bas afin de garder de bonnes relations avec<br>les voisins. Installez tous les signes qui sont mandat\u00e9s, mais n\u2019en faites pas trop. En<br>somme, faites de votre mieux pour rester discret.<\/li><li>Afin de vous assurer que votre entreprise est financi\u00e8rement d\u00e9finie, vous<br>devez toujours avoir des fonds d\u2019urgence disponibles. Si une d\u00e9pense impr\u00e9vue<br>survient, ce fonds pourrait vous aider \u00e0 passer \u00e0 travers, sans interrompre le<br>fonctionnement normal de votre entreprise. Ne touchez \u00e0 cet argent qu\u2019en cas d\u2019urgence.<br>Rappelez-vous seulement de le r\u00e9approvisionner une fois sollicit\u00e9.<\/li><li>Ne restez pas suspendu au pass\u00e9. Essayez de vous rappeler que vos succ\u00e8s sont<br>dans le pass\u00e9. Les choses qui se produiront \u00e0 l\u2019avenir sont celles qui doivent retenir votre<br>attention. Cela vous aidera \u00e0 vous \u00eatre pr\u00eat \u00e0 saisir les opportunit\u00e9s futures ou \u00e0 \u00e9viter<br>d\u2019\u00e9ventuels obstacles qui peuvent survenir au long du chemin. De cette fa\u00e7on, vous ne<br>vous retrouverez pas pris par les \u00e9v\u00e8nements.<\/li><li>Toujours faire des recherches sur le march\u00e9 cible sur lequel se concentre<br>votre activit\u00e9. Vous devez savoir s\u2019il y a une demande pour votre produit et comment<br>attirer vos clients potentiels. Si vous passez par un site Web, assurez-vous d\u2019analyser le<br>comportement de vos visiteurs afin d\u2019en tirer le maximum d\u2019informations possible. Ainsi,<br>vous serez en mesure de cerner votre public cible et de d\u00e9terminer ce qu\u2019ils aiment.<br>Comme vous pouvez le voir, il faudra un peu de travail et de d\u00e9vouement pour faire le<br>saut. Si vous parvenez \u00e0 passer \u00e0 travers et vous en tenir au plan, vous serez en mesure<br>de repr\u00e9senter avec pr\u00e9cision votre r\u00eave \u00e0 travers l\u2019image de l\u2019entreprise et de cr\u00e9er ainsi<br>quelque chose qui soit durable et rentable au fil des ans.<\/li><\/ol>\n\n\n\n<div class=\"wp-block-columns is-layout-flex wp-container-core-columns-is-layout-1 wp-block-columns-is-layout-flex\">\n<div class=\"wp-block-column is-layout-flow wp-block-column-is-layout-flow\"><\/div>\n\n\n\n<div class=\"wp-block-column is-layout-flow wp-block-column-is-layout-flow\">\n<ul class=\"has-small-font-size wp-block-list\"><li><a href=\"https:\/\/creervotrebusiness.com\/index.php\/7-conseils-pour-gerer-efficacement-votre-entreprise-a-domicile\/\">7 conseils pour g\u00e9rer efficacement votre entreprise \u00e0 domicile.<\/a><\/li><li><a href=\"https:\/\/creervotrebusiness.com\/index.php\/8-astuces-que-vous-devez-connaitre-pour-gerer-efficacement-votre-petite-entreprise-a-domicile\/\">8 Astuces que vous devez connaitre pour g\u00e9rer efficacement votre petite entreprise \u00e0 domicile !<\/a><\/li><li><a href=\"https:\/\/creervotrebusiness.com\/index.php\/8-conseils-de-qualite-pour-faire-progresser-votre-entreprise-a-domicile\/\">8 Conseils de qualit\u00e9 pour faire progresser votre entreprise \u00e0 domicile<\/a><\/li><li><a href=\"https:\/\/creervotrebusiness.com\/index.php\/8-conseils-pour-reussir-rapidement-le-lancement-de-son-entreprise-a-domicile\/\">8 conseils pour r\u00e9ussir rapidement le lancement de son entreprise \u00e0 domicile<\/a><\/li><li><a href=\"https:\/\/creervotrebusiness.com\/index.php\/8-conseils-pour-reussir-votre-projet-dentreprise-a-domicile\/\">8 Conseils pour r\u00e9ussir votre projet d\u2019entreprise \u00e0 domicile<\/a><\/li><li><a href=\"https:\/\/creervotrebusiness.com\/index.php\/9-conseils-dexperts-sur-les-entreprises-a-domicile-peu-connus-de-la-masse\/\">9 Conseils d\u2019experts sur les entreprises \u00e0 domicile peu connus de la masse.<\/a><\/li><li><a href=\"https:\/\/creervotrebusiness.com\/index.php\/9-precieux-conseils-pour-les-proprietaires-dentreprise-a-domicile\/\">9 pr\u00e9cieux conseils pour les propri\u00e9taires d\u2019entreprise \u00e0 domicile.<\/a><\/li><li><a href=\"https:\/\/creervotrebusiness.com\/index.php\/appliquez-ces-conseils-pour-votre-entreprise-a-domicile\/\">Appliquez ces conseils pour votre entreprise \u00e0 domicile<\/a><\/li><li><a href=\"https:\/\/creervotrebusiness.com\/index.php\/apprenez-comment-atteindre-le-succes-avec-votre-entreprise-a-domicile\/\">Apprenez comment atteindre le succ\u00e8s avec votre entreprise \u00e0 domicile.<\/a><\/li><li><a href=\"https:\/\/creervotrebusiness.com\/index.php\/apprenez-comment-mieux-gerer-votre-entreprise-a-domicile\/\">Apprenez comment mieux g\u00e9rer votre entreprise \u00e0 domicile<\/a><\/li><li><a href=\"https:\/\/creervotrebusiness.com\/index.php\/batir-une-entreprise-a-domicile-efficace-et-efficiente-avec-ces-excellents-conseils\/\">B\u00e2tir une entreprise \u00e0 domicile efficace et efficiente avec ces excellents conseil<\/a>s<\/li><li><a href=\"https:\/\/creervotrebusiness.com\/index.php\/ce-que-vous-devez-savoir-au-sujet-des-entreprises-a-domicile\/\">Ce que vous devez savoir au sujet des entreprises \u00e0 domicile.<\/a><\/li><li><a href=\"https:\/\/creervotrebusiness.com\/index.php\/comment-faire-pour-creer-une-entreprise-a-domicile-prospere\/\">Comment faire pour cr\u00e9er une entreprise \u00e0 domicile prosp\u00e8re.<\/a><\/li><li><a href=\"https:\/\/creervotrebusiness.com\/index.php\/du-reve-a-la-realite-9-conseils-pratiques-pour-reussir-son-entreprise-a-domicile\/\">Du r\u00eave \u00e0 la r\u00e9alit\u00e9 : 9 Conseils pratiques pour r\u00e9ussir son entreprise \u00e0 domicile.<\/a><\/li><li><a href=\"https:\/\/creervotrebusiness.com\/index.php\/essayez-ces-conseils-pour-une-entreprise-a-domicile-reussie\/\">Essayez ces conseils pour une entreprise \u00e0 domicile r\u00e9ussie.<\/a><\/li><li><a href=\"https:\/\/creervotrebusiness.com\/index.php\/etes-vous-la-recherche-dinformations-sur-lentrepreneuriat-a-domicile-alors-lisez-ces-precieux-conseils\/\">\u00cates-vous la recherche d\u2019informations sur l\u2019entrepreneuriat \u00e0 domicile ? Alors, lisez ces pr\u00e9cieux conseils !<\/a><\/li><li><a href=\"https:\/\/creervotrebusiness.com\/index.php\/gagner-de-largent-sans-mettre-un-pied-a-lexterieur-8-conseils-pour-reussir-son-entreprise-a-domicile\/\">Gagner de l\u2019argent sans mettre un pied \u00e0 l\u2019ext\u00e9rieur : 8 Conseils pour r\u00e9ussir son entreprise \u00e0 domicile<\/a><\/li><li><a href=\"https:\/\/creervotrebusiness.com\/index.php\/gerer-son-entreprise-a-domicile\/\">G\u00e9rer son entreprise \u00e0 Domicile<\/a><\/li><li><a href=\"https:\/\/creervotrebusiness.com\/index.php\/gerer-une-grande-entreprise-a-partir-de-chez-soi\/\">G\u00e9rer une grande entreprise \u00e0 partir de chez soi<\/a><\/li><li><a href=\"https:\/\/creervotrebusiness.com\/index.php\/laissez-votre-entreprise-a-domicile-prendre-son-essor\/\">Laissez votre entreprise \u00e0 domicile prendre son essor<\/a><\/li><li><a href=\"https:\/\/creervotrebusiness.com\/index.php\/les-principes-de-base-dans-la-gestion-dune-entreprise-a-domicile-reussie\/\">Les principes de base dans la gestion d\u2019une entreprise \u00e0 domicile r\u00e9ussie.<\/a><\/li><li><a href=\"https:\/\/creervotrebusiness.com\/index.php\/lisez-ceci-pour-avoir-dexcellents-conseils-au-sujet-des-entreprises-a-domicile\/\">Lisez ceci pour avoir d\u2019excellents conseils au sujet des entreprises \u00e0 domicile<\/a><\/li><li><a href=\"https:\/\/creervotrebusiness.com\/index.php\/observez-votre-entreprise-a-domicile-prendre-de-lampleur-grace-a-ces-conseils\/\">Observez votre entreprise \u00e0 domicile prendre de l\u2019ampleur gr\u00e2ce \u00e0 ces conseils.<\/a><\/li><li><a href=\"https:\/\/creervotrebusiness.com\/index.php\/realisez-ce-que-vous-voulez-8-conseils-pour-que-votre-projet-dentreprise-a-domicile-marche\/\">R\u00e9alisez ce que vous voulez : 8 Conseils pour que votre projet d\u2019entreprise \u00e0 domicile marche.<\/a><\/li><\/ul>\n<\/div>\n<\/div>\n","protected":false},"excerpt":{"rendered":"<p>Vous devez savoir qu\u2019il y a une multitude de grandes opportunit\u00e9s en mati\u00e8red\u2019entreprise \u00e0 domicile. La possibilit\u00e9 d\u2019\u00eatre son propre patron et de travailler \u00e0 deshoraires que l\u2019on d\u00e9termine soi-m\u00eame est tr\u00e8s attrayante pour la plupart des gens. Lesconseils prodigu\u00e9s&#8230; <a href=\"https:\/\/creervotrebusiness.com\/index.php\/gerer-une-grande-entreprise-a-partir-de-chez-soi\/\" class=\"readmore\">Read more<span class=\"screen-reader-text\">G\u00e9rer une grande entreprise \u00e0 partir de chez soi<\/span><span class=\"fa fa-angle-double-right\" aria-hidden=\"true\"><\/span><\/a><\/p>\n","protected":false},"author":1,"featured_media":0,"parent":0,"menu_order":0,"comment_status":"closed","ping_status":"closed","template":"","meta":{"om_disable_all_campaigns":false,"_monsterinsights_skip_tracking":false,"_monsterinsights_sitenote_active":false,"_monsterinsights_sitenote_note":"","_monsterinsights_sitenote_category":0,"footnotes":""},"class_list":["post-306","page","type-page","status-publish","hentry"],"_links":{"self":[{"href":"https:\/\/creervotrebusiness.com\/index.php\/wp-json\/wp\/v2\/pages\/306","targetHints":{"allow":["GET"]}}],"collection":[{"href":"https:\/\/creervotrebusiness.com\/index.php\/wp-json\/wp\/v2\/pages"}],"about":[{"href":"https:\/\/creervotrebusiness.com\/index.php\/wp-json\/wp\/v2\/types\/page"}],"author":[{"embeddable":true,"href":"https:\/\/creervotrebusiness.com\/index.php\/wp-json\/wp\/v2\/users\/1"}],"replies":[{"embeddable":true,"href":"https:\/\/creervotrebusiness.com\/index.php\/wp-json\/wp\/v2\/comments?post=306"}],"version-history":[{"count":2,"href":"https:\/\/creervotrebusiness.com\/index.php\/wp-json\/wp\/v2\/pages\/306\/revisions"}],"predecessor-version":[{"id":346,"href":"https:\/\/creervotrebusiness.com\/index.php\/wp-json\/wp\/v2\/pages\/306\/revisions\/346"}],"wp:attachment":[{"href":"https:\/\/creervotrebusiness.com\/index.php\/wp-json\/wp\/v2\/media?parent=306"}],"curies":[{"name":"wp","href":"https:\/\/api.w.org\/{rel}","templated":true}]}}