{"id":278,"date":"2022-11-17T12:42:17","date_gmt":"2022-11-17T12:42:17","guid":{"rendered":"https:\/\/creervotrebusiness.com\/?page_id=278"},"modified":"2022-11-17T20:39:24","modified_gmt":"2022-11-17T20:39:24","slug":"8-conseils-pour-reussir-votre-projet-dentreprise-a-domicile","status":"publish","type":"page","link":"https:\/\/creervotrebusiness.com\/index.php\/8-conseils-pour-reussir-votre-projet-dentreprise-a-domicile\/","title":{"rendered":"8 Conseils pour r\u00e9ussir votre projet d\u2019entreprise \u00e0 domicile"},"content":{"rendered":"\n<p><br>Beaucoup de gens d\u00e9couvrent qu\u2019ils peuvent atteindre la r\u00e9ussite financi\u00e8re gr\u00e2ce \u00e0 la<br>gestion d\u2019une entreprise \u00e0 domicile. Mais, savoir par o\u00f9 commencer en est une autre<br>affaire ! Pour r\u00e9ussir, vous devez apprendre tout ce que vous pouvez au sujet de<br>l\u2019entreprise \u00e0 domicile. Les informations contenues dans cet article vous aideront \u00e0 le<br>faire.<\/p>\n\n\n\n<ol class=\"wp-block-list\"><li>Bien que difficile, b\u00e2tir une entreprise \u00e0 la maison peut \u00eatre une activit\u00e9<br>plut\u00f4t amusante \u00e0 faire au quotidien. Vous devez d\u2019abord d\u00e9cider quel type<br>d\u2019entreprise vous souhaitez mettre sur pied. Cela peut \u00eatre une activit\u00e9 pour laquelle<br>vous avez une passion par exemple, mais il serait plus judicieux de vous lancer dans un<br>domaine que vous maitrisez un peu. Quoi qu\u2019il en soit, faites beaucoup de recherches<br>avant de d\u00e9cider quel type d\u2019entreprise vous voulez lancer et assurez-vous d\u2019\u00eatre en<br>contact avec d\u2019autres personnes qui ont d\u00e9j\u00e0 mont\u00e9 leurs entreprises \u00e0 domicile.<\/li><li>Prenez quelques courtes pauses dans la journ\u00e9e, et \u00e9vitez de vous laisser<br>trop absorber par les activit\u00e9s personnelles. Les longs appels t\u00e9l\u00e9phoniques d\u2019ordre<br>personnel doivent \u00eatre \u00e9vit\u00e9s, ainsi que les projets qui peuvent vous demander beaucoup<br>de temps, comme des travaux de r\u00e9novation pour votre maison. N\u2019oubliez pas de vous<br>ressourcer avec des pauses r\u00e9guli\u00e8res et un peu d\u2019exercice physique.<\/li><li>Une excellente id\u00e9e d\u2019entreprise \u00e0 domicile serait d\u2019offrir une formation ou<br>des le\u00e7ons sur les domaines pour lesquels vous avez une certaine maitrise.<br>Beaucoup de gens pr\u00e9f\u00e8rent les le\u00e7ons priv\u00e9es aux le\u00e7ons conventionnelles de l\u2019\u00e9cole.<br>Vous pouvez aussi enseigner des le\u00e7ons li\u00e9es \u00e0 vos loisirs, tels que la photographie ou la<br>musique, et ce, bien s\u00fbr, \u00e0 partir de votre maison.<\/li><li>Connectez-vous aux forums qui traitent de votre cr\u00e9neau et des entreprises \u00e0<br>domicile en g\u00e9n\u00e9ral. Cela peut \u00eatre un bon moyen pour vous faire un nom. Vous serez<br>surpris quand les gens seront de plus en plus nombreux \u00e0 vous demander vos<br>coordonn\u00e9es pour rester en contact avec vous, alors faites-le.<\/li><li>Lorsque vous travaillez \u00e0 la maison, t\u00e2chez de prendre soin de vous et de<br>votre sant\u00e9 aussi bien que si vous travailliez dans un environnement de bureau.<br>Tout le monde r\u00eave d\u2019avoir une entreprise \u00e0 domicile, mais vous pouvez vraiment freiner<br>votre estime de soi si vous placez toujours votre travail au-dessus de votre propre<br>hygi\u00e8ne de vie. Prenez des douches, surveillez votre alimentation et faites de l\u2019exercice<br>r\u00e9guli\u00e8rement. En suivant ces conseils, vous vous assurerez de refl\u00e9ter en permanence<br>une bonne image de vous.<\/li><li>Avoir un compte s\u00e9par\u00e9 pour les finances de votre entreprise, rend la tenue<br>des dossiers beaucoup plus facile. Toutes vos transactions et les d\u00e9penses<br>commerciales devraient \u00eatre faites par votre compte d\u2019entreprise. Cela vous donnera une<br>image plus claire de la sant\u00e9 financi\u00e8re de votre entreprise. De m\u00eame, d\u00e9diez une carte<br>de cr\u00e9dit d\u2019affaires pour toutes les transactions, comme la commande de fournitures.<\/li><li>Vous trouverez un grand soutien sur les forums d\u2019affaires \u00e0 domicile auxquels<br>participent d\u2019autres personnes qui sont en train de faire ce que vous faites. Il y a<br>un tr\u00e8s grand nombre de sites et de forums pour les propri\u00e9taires d\u2019entreprises \u00e0<br>domicile, et les ressources en sont inestimables. Ces sites ont souvent de larges<br>communaut\u00e9s de gens avec plein de conseils et beaucoup d\u2019exp\u00e9rience \u00e0 partager avec<br>vous.<\/li><li>Gardez votre esprit concentr\u00e9 sur ce qui est encore \u00e0 venir. Rappelez-vous que<br>vos r\u00e9ussites ant\u00e9rieures font partie du pass\u00e9. Il est beaucoup plus important de se<br>concentrer sur l\u2019avenir et sur comment on doit s\u2019y pr\u00e9parer. Cela peut vous aider \u00e0<br>pr\u00e9parer des choses qui vont se produire dans l\u2019avenir et de cette fa\u00e7on, vous ne serez<br>pas pris au d\u00e9pourvu par quelque chose que vous auriez omis.<br>Maintenant que vous avez une meilleure id\u00e9e de ce que vous devez faire pour cr\u00e9er et<br>g\u00e9rer une entreprise \u00e0 domicile, vous devriez vous sentir d\u00e9j\u00e0 en mesure d\u2019atteindre les<br>objectifs de votre projet. Rappelez-vous que les informations que vous avez apprises ici<br>ne sauront fonctionner que si vous les appliquiez correctement. Si vous suivez les<br>conseils de cet article, votre entreprise \u00e0 domicile devrait r\u00e9ussir.<\/li><\/ol>\n\n\n\n<div class=\"wp-block-columns is-layout-flex wp-container-core-columns-is-layout-1 wp-block-columns-is-layout-flex\">\n<div class=\"wp-block-column is-layout-flow wp-block-column-is-layout-flow\"><\/div>\n\n\n\n<div class=\"wp-block-column is-layout-flow wp-block-column-is-layout-flow\">\n<ul class=\"has-small-font-size wp-block-list\"><li><a href=\"https:\/\/creervotrebusiness.com\/index.php\/7-conseils-pour-gerer-efficacement-votre-entreprise-a-domicile\/\">7 conseils pour g\u00e9rer efficacement votre entreprise \u00e0 domicile.<\/a><\/li><li><a href=\"https:\/\/creervotrebusiness.com\/index.php\/8-astuces-que-vous-devez-connaitre-pour-gerer-efficacement-votre-petite-entreprise-a-domicile\/\">8 Astuces que vous devez connaitre pour g\u00e9rer efficacement votre petite entreprise \u00e0 domicile !<\/a><\/li><li><a href=\"https:\/\/creervotrebusiness.com\/index.php\/8-conseils-de-qualite-pour-faire-progresser-votre-entreprise-a-domicile\/\">8 Conseils de qualit\u00e9 pour faire progresser votre entreprise \u00e0 domicile<\/a><\/li><li><a href=\"https:\/\/creervotrebusiness.com\/index.php\/8-conseils-pour-reussir-rapidement-le-lancement-de-son-entreprise-a-domicile\/\">8 conseils pour r\u00e9ussir rapidement le lancement de son entreprise \u00e0 domicile<\/a><\/li><li><a href=\"https:\/\/creervotrebusiness.com\/index.php\/8-conseils-pour-reussir-votre-projet-dentreprise-a-domicile\/\">8 Conseils pour r\u00e9ussir votre projet d\u2019entreprise \u00e0 domicile<\/a><\/li><li><a href=\"https:\/\/creervotrebusiness.com\/index.php\/9-conseils-dexperts-sur-les-entreprises-a-domicile-peu-connus-de-la-masse\/\">9 Conseils d\u2019experts sur les entreprises \u00e0 domicile peu connus de la masse.<\/a><\/li><li><a href=\"https:\/\/creervotrebusiness.com\/index.php\/9-precieux-conseils-pour-les-proprietaires-dentreprise-a-domicile\/\">9 pr\u00e9cieux conseils pour les propri\u00e9taires d\u2019entreprise \u00e0 domicile.<\/a><\/li><li><a href=\"https:\/\/creervotrebusiness.com\/index.php\/appliquez-ces-conseils-pour-votre-entreprise-a-domicile\/\">Appliquez ces conseils pour votre entreprise \u00e0 domicile<\/a><\/li><li><a href=\"https:\/\/creervotrebusiness.com\/index.php\/apprenez-comment-atteindre-le-succes-avec-votre-entreprise-a-domicile\/\">Apprenez comment atteindre le succ\u00e8s avec votre entreprise \u00e0 domicile.<\/a><\/li><li><a href=\"https:\/\/creervotrebusiness.com\/index.php\/apprenez-comment-mieux-gerer-votre-entreprise-a-domicile\/\">Apprenez comment mieux g\u00e9rer votre entreprise \u00e0 domicile<\/a><\/li><li><a href=\"https:\/\/creervotrebusiness.com\/index.php\/batir-une-entreprise-a-domicile-efficace-et-efficiente-avec-ces-excellents-conseils\/\">B\u00e2tir une entreprise \u00e0 domicile efficace et efficiente avec ces excellents conseil<\/a>s<\/li><li><a href=\"https:\/\/creervotrebusiness.com\/index.php\/ce-que-vous-devez-savoir-au-sujet-des-entreprises-a-domicile\/\">Ce que vous devez savoir au sujet des entreprises \u00e0 domicile.<\/a><\/li><li><a href=\"https:\/\/creervotrebusiness.com\/index.php\/comment-faire-pour-creer-une-entreprise-a-domicile-prospere\/\">Comment faire pour cr\u00e9er une entreprise \u00e0 domicile prosp\u00e8re.<\/a><\/li><li><a href=\"https:\/\/creervotrebusiness.com\/index.php\/du-reve-a-la-realite-9-conseils-pratiques-pour-reussir-son-entreprise-a-domicile\/\">Du r\u00eave \u00e0 la r\u00e9alit\u00e9 : 9 Conseils pratiques pour r\u00e9ussir son entreprise \u00e0 domicile.<\/a><\/li><li><a href=\"https:\/\/creervotrebusiness.com\/index.php\/essayez-ces-conseils-pour-une-entreprise-a-domicile-reussie\/\">Essayez ces conseils pour une entreprise \u00e0 domicile r\u00e9ussie.<\/a><\/li><li><a href=\"https:\/\/creervotrebusiness.com\/index.php\/etes-vous-la-recherche-dinformations-sur-lentrepreneuriat-a-domicile-alors-lisez-ces-precieux-conseils\/\">\u00cates-vous la recherche d\u2019informations sur l\u2019entrepreneuriat \u00e0 domicile ? Alors, lisez ces pr\u00e9cieux conseils !<\/a><\/li><li><a href=\"https:\/\/creervotrebusiness.com\/index.php\/gagner-de-largent-sans-mettre-un-pied-a-lexterieur-8-conseils-pour-reussir-son-entreprise-a-domicile\/\">Gagner de l\u2019argent sans mettre un pied \u00e0 l\u2019ext\u00e9rieur : 8 Conseils pour r\u00e9ussir son entreprise \u00e0 domicile<\/a><\/li><li><a href=\"https:\/\/creervotrebusiness.com\/index.php\/gerer-son-entreprise-a-domicile\/\">G\u00e9rer son entreprise \u00e0 Domicile<\/a><\/li><li><a href=\"https:\/\/creervotrebusiness.com\/index.php\/gerer-une-grande-entreprise-a-partir-de-chez-soi\/\">G\u00e9rer une grande entreprise \u00e0 partir de chez soi<\/a><\/li><li><a href=\"https:\/\/creervotrebusiness.com\/index.php\/laissez-votre-entreprise-a-domicile-prendre-son-essor\/\">Laissez votre entreprise \u00e0 domicile prendre son essor<\/a><\/li><li><a href=\"https:\/\/creervotrebusiness.com\/index.php\/les-principes-de-base-dans-la-gestion-dune-entreprise-a-domicile-reussie\/\">Les principes de base dans la gestion d\u2019une entreprise \u00e0 domicile r\u00e9ussie.<\/a><\/li><li><a href=\"https:\/\/creervotrebusiness.com\/index.php\/lisez-ceci-pour-avoir-dexcellents-conseils-au-sujet-des-entreprises-a-domicile\/\">Lisez ceci pour avoir d\u2019excellents conseils au sujet des entreprises \u00e0 domicile<\/a><\/li><li><a href=\"https:\/\/creervotrebusiness.com\/index.php\/observez-votre-entreprise-a-domicile-prendre-de-lampleur-grace-a-ces-conseils\/\">Observez votre entreprise \u00e0 domicile prendre de l\u2019ampleur gr\u00e2ce \u00e0 ces conseils.<\/a><\/li><li><a href=\"https:\/\/creervotrebusiness.com\/index.php\/realisez-ce-que-vous-voulez-8-conseils-pour-que-votre-projet-dentreprise-a-domicile-marche\/\">R\u00e9alisez ce que vous voulez : 8 Conseils pour que votre projet d\u2019entreprise \u00e0 domicile marche.<\/a><\/li><\/ul>\n<\/div>\n<\/div>\n","protected":false},"excerpt":{"rendered":"<p>Beaucoup de gens d\u00e9couvrent qu\u2019ils peuvent atteindre la r\u00e9ussite financi\u00e8re gr\u00e2ce \u00e0 lagestion d\u2019une entreprise \u00e0 domicile. Mais, savoir par o\u00f9 commencer en est une autreaffaire ! Pour r\u00e9ussir, vous devez apprendre tout ce que vous pouvez au sujet del\u2019entreprise&#8230; <a href=\"https:\/\/creervotrebusiness.com\/index.php\/8-conseils-pour-reussir-votre-projet-dentreprise-a-domicile\/\" class=\"readmore\">Read more<span class=\"screen-reader-text\">8 Conseils pour r\u00e9ussir votre projet d\u2019entreprise \u00e0 domicile<\/span><span class=\"fa fa-angle-double-right\" aria-hidden=\"true\"><\/span><\/a><\/p>\n","protected":false},"author":1,"featured_media":0,"parent":0,"menu_order":0,"comment_status":"closed","ping_status":"closed","template":"","meta":{"om_disable_all_campaigns":false,"_monsterinsights_skip_tracking":false,"_monsterinsights_sitenote_active":false,"_monsterinsights_sitenote_note":"","_monsterinsights_sitenote_category":0,"footnotes":""},"class_list":["post-278","page","type-page","status-publish","hentry"],"_links":{"self":[{"href":"https:\/\/creervotrebusiness.com\/index.php\/wp-json\/wp\/v2\/pages\/278","targetHints":{"allow":["GET"]}}],"collection":[{"href":"https:\/\/creervotrebusiness.com\/index.php\/wp-json\/wp\/v2\/pages"}],"about":[{"href":"https:\/\/creervotrebusiness.com\/index.php\/wp-json\/wp\/v2\/types\/page"}],"author":[{"embeddable":true,"href":"https:\/\/creervotrebusiness.com\/index.php\/wp-json\/wp\/v2\/users\/1"}],"replies":[{"embeddable":true,"href":"https:\/\/creervotrebusiness.com\/index.php\/wp-json\/wp\/v2\/comments?post=278"}],"version-history":[{"count":2,"href":"https:\/\/creervotrebusiness.com\/index.php\/wp-json\/wp\/v2\/pages\/278\/revisions"}],"predecessor-version":[{"id":329,"href":"https:\/\/creervotrebusiness.com\/index.php\/wp-json\/wp\/v2\/pages\/278\/revisions\/329"}],"wp:attachment":[{"href":"https:\/\/creervotrebusiness.com\/index.php\/wp-json\/wp\/v2\/media?parent=278"}],"curies":[{"name":"wp","href":"https:\/\/api.w.org\/{rel}","templated":true}]}}